Last updated on 2024-03-28 17:49:22 CET.
Flavor | Version | Tinstall | Tcheck | Ttotal | Status | Flags |
---|---|---|---|---|---|---|
r-devel-linux-x86_64-debian-clang | 1.0.4 | 2.41 | 28.07 | 30.48 | NOTE | |
r-devel-linux-x86_64-debian-gcc | 1.0.4 | 2.02 | 21.87 | 23.89 | NOTE | |
r-devel-linux-x86_64-fedora-clang | 1.0.4 | 40.93 | NOTE | |||
r-devel-linux-x86_64-fedora-gcc | 1.0.4 | 38.94 | NOTE | |||
r-devel-windows-x86_64 | 1.0.4 | 3.00 | 46.00 | 49.00 | NOTE | |
r-patched-linux-x86_64 | 1.0.4 | 2.05 | 28.13 | 30.18 | NOTE | |
r-release-linux-x86_64 | 1.0.4 | 2.09 | 27.62 | 29.71 | NOTE | |
r-release-macos-arm64 | 1.0.4 | 18.00 | NOTE | |||
r-release-macos-x86_64 | 1.0.4 | 23.00 | NOTE | |||
r-release-windows-x86_64 | 1.0.4 | 4.00 | 45.00 | 49.00 | NOTE | |
r-oldrel-macos-arm64 | 1.0.4 | 18.00 | NOTE | |||
r-oldrel-windows-x86_64 | 1.0.4 | 4.00 | 48.00 | 52.00 | NOTE |
Version: 1.0.4
Check: LazyData
Result: NOTE
'LazyData' is specified without a 'data' directory
Flavors: r-devel-linux-x86_64-debian-clang, r-devel-linux-x86_64-debian-gcc, r-devel-linux-x86_64-fedora-clang, r-devel-linux-x86_64-fedora-gcc, r-devel-windows-x86_64, r-patched-linux-x86_64, r-release-linux-x86_64, r-release-macos-arm64, r-release-macos-x86_64, r-release-windows-x86_64, r-oldrel-macos-arm64, r-oldrel-windows-x86_64
Version: 1.0.4
Check: for non-standard things in the check directory
Result: NOTE
Found the following files/directories:
‘dump.txt’
Flavors: r-devel-linux-x86_64-debian-clang, r-devel-linux-x86_64-debian-gcc, r-devel-linux-x86_64-fedora-clang, r-devel-linux-x86_64-fedora-gcc, r-patched-linux-x86_64, r-release-linux-x86_64