CRAN Package Check Results for Package behavr

Last updated on 2024-06-22 06:50:39 CEST.

Flavor Version Tinstall Tcheck Ttotal Status Flags
r-devel-linux-x86_64-debian-clang 0.3.2 2.76 44.52 47.28 NOTE
r-devel-linux-x86_64-debian-gcc 0.3.2 2.45 37.54 39.99 NOTE
r-devel-linux-x86_64-fedora-clang 0.3.2 68.13 NOTE
r-devel-linux-x86_64-fedora-gcc 0.3.2 60.83 NOTE
r-devel-windows-x86_64 0.3.2 5.00 56.00 61.00 NOTE
r-patched-linux-x86_64 0.3.2 3.97 47.92 51.89 NOTE
r-release-linux-x86_64 0.3.2 3.21 48.25 51.46 NOTE
r-release-macos-arm64 0.3.2 22.00 NOTE
r-release-macos-x86_64 0.3.2 56.00 NOTE
r-release-windows-x86_64 0.3.2 3.00 56.00 59.00 NOTE
r-oldrel-macos-arm64 0.3.2 23.00 NOTE
r-oldrel-macos-x86_64 0.3.2 33.00 NOTE
r-oldrel-windows-x86_64 0.3.2 5.00 61.00 66.00 NOTE

Check Details

Version: 0.3.2
Check: LazyData
Result: NOTE 'LazyData' is specified without a 'data' directory Flavors: r-devel-linux-x86_64-debian-clang, r-devel-linux-x86_64-debian-gcc, r-devel-linux-x86_64-fedora-clang, r-devel-linux-x86_64-fedora-gcc, r-devel-windows-x86_64, r-patched-linux-x86_64, r-release-linux-x86_64, r-release-macos-arm64, r-release-macos-x86_64, r-release-windows-x86_64, r-oldrel-macos-arm64, r-oldrel-macos-x86_64, r-oldrel-windows-x86_64