Last updated on 2024-08-16 11:49:36 CEST.
Flavor | Version | Tinstall | Tcheck | Ttotal | Status | Flags |
---|---|---|---|---|---|---|
r-devel-linux-x86_64-debian-clang | 1.1.3 | 5.32 | 45.44 | 50.76 | NOTE | |
r-devel-linux-x86_64-debian-gcc | 1.1.3 | 3.96 | 34.63 | 38.59 | NOTE | |
r-devel-linux-x86_64-fedora-clang | 1.1.3 | 81.24 | OK | |||
r-devel-linux-x86_64-fedora-gcc | 1.1.3 | 74.67 | OK | |||
r-devel-windows-x86_64 | 1.1.3 | 13.00 | 75.00 | 88.00 | NOTE | |
r-patched-linux-x86_64 | 1.1.3 | 9.05 | 43.35 | 52.40 | OK | |
r-release-linux-x86_64 | 1.1.3 | 5.31 | 43.26 | 48.57 | OK | |
r-release-macos-arm64 | 1.1.3 | 34.00 | OK | |||
r-release-macos-x86_64 | 1.1.3 | 53.00 | OK | |||
r-release-windows-x86_64 | 1.1.3 | 14.00 | 77.00 | 91.00 | OK | |
r-oldrel-macos-arm64 | 1.1.3 | 35.00 | OK | |||
r-oldrel-macos-x86_64 | 1.1.3 | 73.00 | OK | |||
r-oldrel-windows-x86_64 | 1.1.3 | 15.00 | 85.00 | 100.00 | OK |
Version: 1.1.3
Check: Rd cross-references
Result: NOTE
Found the following Rd file(s) with Rd \link{} targets missing package
anchors:
press.Rd: tibble
Please provide package anchors for all Rd \link{} targets not in the
package itself and the base packages.
Flavors: r-devel-linux-x86_64-debian-clang, r-devel-linux-x86_64-debian-gcc, r-devel-windows-x86_64