CRAN Package Check Results for Package berryFunctions

Last updated on 2023-02-01 06:56:04 CET.

Flavor Version Tinstall Tcheck Ttotal Status Flags
r-devel-linux-x86_64-debian-clang 1.21.14 10.62 117.26 127.88 OK
r-devel-linux-x86_64-debian-gcc 1.21.14 7.47 85.21 92.68 OK
r-devel-linux-x86_64-fedora-clang 1.21.14 157.59 NOTE
r-devel-linux-x86_64-fedora-gcc 1.21.14 174.98 OK
r-devel-windows-x86_64 1.21.14 312.00 187.00 499.00 OK
r-patched-linux-x86_64 1.21.14 15.48 100.94 116.42 OK
r-release-linux-x86_64 1.21.14 12.73 100.54 113.27 OK
r-release-macos-arm64 1.21.14 66.00 OK
r-release-macos-x86_64 1.21.14 91.00 OK
r-release-windows-x86_64 1.21.14 297.00 169.00 466.00 OK
r-oldrel-macos-arm64 1.21.14 60.00 OK
r-oldrel-macos-x86_64 1.21.14 92.00 OK
r-oldrel-windows-ix86+x86_64 1.21.14 19.00 154.00 173.00 OK

Check Details

Version: 1.21.14
Check: Rd cross-references
Result: NOTE
    Undeclared package ‘zoo’ in Rd xrefs
Flavor: r-devel-linux-x86_64-fedora-clang