CRAN Package Check Results for Package bestSDP

Last updated on 2022-01-22 11:50:53 CET.

Flavor Version Tinstall Tcheck Ttotal Status Flags
r-devel-linux-x86_64-debian-clang 0.1.2 2.56 39.93 42.49 NOTE
r-devel-linux-x86_64-debian-gcc 0.1.2 2.53 30.44 32.97 NOTE
r-devel-linux-x86_64-fedora-clang 0.1.2 53.37 NOTE
r-devel-linux-x86_64-fedora-gcc 0.1.2 41.15 NOTE
r-devel-windows-x86_64-new-UL 0.1.2 19.00 58.00 77.00 NOTE
r-devel-windows-x86_64-new-TK 0.1.2 NOTE
r-patched-linux-x86_64 0.1.2 2.40 38.27 40.67 NOTE
r-release-linux-x86_64 0.1.2 3.03 37.52 40.55 NOTE
r-release-macos-arm64 0.1.2 NOTE
r-release-macos-x86_64 0.1.2 NOTE
r-release-windows-ix86+x86_64 0.1.2 10.00 48.00 58.00 NOTE
r-oldrel-macos-x86_64 0.1.2 NOTE
r-oldrel-windows-ix86+x86_64 0.1.2 9.00 50.00 59.00 OK

Check Details

Version: 0.1.2
Check: LazyData
Result: NOTE
     'LazyData' is specified without a 'data' directory
Flavors: r-devel-linux-x86_64-debian-clang, r-devel-linux-x86_64-debian-gcc, r-devel-linux-x86_64-fedora-clang, r-devel-linux-x86_64-fedora-gcc, r-devel-windows-x86_64-new-UL, r-devel-windows-x86_64-new-TK, r-patched-linux-x86_64, r-release-linux-x86_64, r-release-macos-arm64, r-release-macos-x86_64, r-release-windows-ix86+x86_64

Version: 0.1.2
Check: dependencies in R code
Result: NOTE
    Namespaces in Imports field not imported from:
     ‘DT’ ‘dplyr’ ‘ggplot2’ ‘readxl’ ‘rlist’ ‘shinyBS’ ‘shinyWidgets’
     ‘shinydashboard’ ‘shinyjs’ ‘shinythemes’ ‘stringr’ ‘tidyr’
     All declared Imports should be used.
Flavors: r-devel-linux-x86_64-fedora-clang, r-devel-linux-x86_64-fedora-gcc, r-devel-windows-x86_64-new-TK, r-release-macos-arm64, r-release-macos-x86_64, r-oldrel-macos-x86_64