CRAN Package Check Results for Package bfsMaps

Last updated on 2021-07-30 05:52:03 CEST.

Flavor Version Tinstall Tcheck Ttotal Status Flags
r-devel-linux-x86_64-debian-clang 0.9.6 OK
r-devel-linux-x86_64-debian-gcc 0.9.6 15.16 136.61 151.77 OK
r-devel-linux-x86_64-fedora-clang 0.9.6 246.09 NOTE
r-devel-linux-x86_64-fedora-gcc 0.9.6 245.68 NOTE
r-devel-windows-x86_64 0.9.6 27.00 218.00 245.00 OK
r-devel-windows-x86_64-gcc10-UCRT 0.9.6 NOTE
r-patched-linux-x86_64 0.9.6 OK
r-patched-solaris-x86 0.9.6 327.20 NOTE
r-release-linux-x86_64 0.9.6 18.47 172.34 190.81 OK
r-release-macos-arm64 0.9.6 NOTE
r-release-macos-x86_64 0.9.6 NOTE
r-release-windows-ix86+x86_64 0.9.6 49.00 159.00 208.00 OK
r-oldrel-macos-x86_64 0.9.6 NOTE
r-oldrel-windows-ix86+x86_64 0.9.6 39.00 231.00 270.00 OK

Check Details

Version: 0.9.6
Check: data for non-ASCII characters
Result: NOTE
     Note: found 10089 marked Latin-1 strings
Flavors: r-devel-linux-x86_64-fedora-clang, r-devel-linux-x86_64-fedora-gcc, r-devel-windows-x86_64-gcc10-UCRT, r-patched-solaris-x86, r-release-macos-arm64, r-release-macos-x86_64, r-oldrel-macos-x86_64