CRAN Package Check Results for Package bgmm

Last updated on 2021-06-20 11:51:09 CEST.

Flavor Version Tinstall Tcheck Ttotal Status Flags
r-devel-linux-x86_64-debian-clang 1.8.4 6.72 71.36 78.08 OK
r-devel-linux-x86_64-debian-gcc 1.8.4 6.27 52.25 58.52 OK
r-devel-linux-x86_64-fedora-clang 1.8.4 102.35 OK
r-devel-linux-x86_64-fedora-gcc 1.8.4 88.72 OK
r-devel-windows-x86_64 1.8.4 13.00 90.00 103.00 OK
r-devel-windows-x86_64-gcc10-UCRT 1.8.4 ERROR
r-patched-linux-x86_64 1.8.4 7.96 65.51 73.47 OK
r-patched-solaris-x86 1.8.4 136.70 OK
r-release-linux-x86_64 1.8.4 6.85 66.05 72.90 OK
r-release-macos-arm64 1.8.4 OK
r-release-macos-x86_64 1.8.4 OK
r-release-windows-ix86+x86_64 1.8.4 16.00 89.00 105.00 OK
r-oldrel-macos-x86_64 1.8.4 OK
r-oldrel-windows-ix86+x86_64 1.8.4 12.00 90.00 102.00 OK

Check Details

Version: 1.8.4
Check: package dependencies
Result: ERROR
    Package required but not available: 'car'
    
    See section 'The DESCRIPTION file' in the 'Writing R Extensions'
    manual.
Flavor: r-devel-windows-x86_64-gcc10-UCRT