CRAN Package Check Results for Package bgsmtr

Last updated on 2024-05-18 07:09:29 CEST.

Flavor Version Tinstall Tcheck Ttotal Status Flags
r-devel-linux-x86_64-debian-clang 0.7 12.40 94.15 106.55 NOTE
r-devel-linux-x86_64-debian-gcc 0.7 9.46 69.78 79.24 NOTE
r-devel-linux-x86_64-fedora-clang 0.7 145.07 NOTE
r-devel-linux-x86_64-fedora-gcc 0.7 176.19 NOTE
r-devel-windows-x86_64 0.7 11.00 81.00 92.00 NOTE
r-patched-linux-x86_64 0.7 13.77 87.70 101.47 NOTE
r-release-linux-x86_64 0.7 12.66 89.54 102.20 NOTE
r-release-macos-arm64 0.7 39.00 NOTE
r-release-windows-x86_64 0.7 10.00 82.00 92.00 NOTE
r-oldrel-macos-arm64 0.7 41.00 OK
r-oldrel-macos-x86_64 0.7 70.00 OK
r-oldrel-windows-x86_64 0.7 14.00 100.00 114.00 OK

Check Details

Version: 0.7
Check: Rd files
Result: NOTE checkRd: (-1) sp_bgsmtr.Rd:42: Lost braces; missing escapes or markup? 42 | \item{c.star}{The threshold for computing posterior tail probabilities p_{ij} for Bayesian FDR as defined in Section 3.2 of Song, Ge et al.(2019). If not specified the default is to set this threshold as the minimum posterior standard deviation, where the minimum is taken over all regression coefficients in the model.} | ^ Flavors: r-devel-linux-x86_64-debian-clang, r-devel-linux-x86_64-debian-gcc, r-devel-linux-x86_64-fedora-clang, r-devel-linux-x86_64-fedora-gcc, r-devel-windows-x86_64, r-patched-linux-x86_64, r-release-linux-x86_64, r-release-macos-arm64, r-release-windows-x86_64