CRAN Package Check Results for Package biblio

Last updated on 2023-09-26 12:07:22 CEST.

Flavor Version Tinstall Tcheck Ttotal Status Flags
r-devel-linux-x86_64-debian-clang 0.0.8 4.87 38.59 43.46 OK
r-devel-linux-x86_64-debian-gcc 0.0.8 4.62 30.14 34.76 OK
r-devel-linux-x86_64-fedora-clang 0.0.8 53.30 NOTE
r-devel-linux-x86_64-fedora-gcc 0.0.8 53.29 NOTE
r-devel-windows-x86_64 0.0.8 7.00 51.00 58.00 OK
r-patched-linux-x86_64 0.0.8 11.27 37.20 48.47 OK
r-release-linux-x86_64 0.0.8 3.46 38.33 41.79 OK
r-release-macos-arm64 0.0.8 27.00 OK
r-release-macos-x86_64 0.0.8 36.00 OK
r-release-windows-x86_64 0.0.8 8.00 55.00 63.00 OK
r-oldrel-macos-arm64 0.0.8 22.00 OK
r-oldrel-macos-x86_64 0.0.8 31.00 OK
r-oldrel-windows-x86_64 0.0.8 9.00 58.00 67.00 OK

Check Details

Version: 0.0.8
Check: data for non-ASCII characters
Result: NOTE
     Note: found 1904 marked UTF-8 strings
Flavors: r-devel-linux-x86_64-fedora-clang, r-devel-linux-x86_64-fedora-gcc