Last updated on 2023-03-29 11:52:10 CEST.
Flavor | Version | Tinstall | Tcheck | Ttotal | Status | Flags |
---|---|---|---|---|---|---|
r-devel-linux-x86_64-debian-clang | 0.1.0 | 3.46 | 45.66 | 49.12 | OK | |
r-devel-linux-x86_64-debian-gcc | 0.1.0 | 2.60 | 36.82 | 39.42 | OK | |
r-devel-linux-x86_64-fedora-clang | 0.1.0 | 56.25 | NOTE | |||
r-devel-linux-x86_64-fedora-gcc | 0.1.0 | 63.45 | NOTE | |||
r-devel-windows-x86_64 | 0.1.0 | 33.00 | 77.00 | 110.00 | OK | |
r-patched-linux-x86_64 | 0.1.0 | 3.56 | 40.77 | 44.33 | OK | |
r-release-linux-x86_64 | 0.1.0 | 2.90 | 43.32 | 46.22 | OK | |
r-release-macos-arm64 | 0.1.0 | 24.00 | NOTE | |||
r-release-macos-x86_64 | 0.1.0 | 30.00 | NOTE | |||
r-release-windows-x86_64 | 0.1.0 | 26.00 | 78.00 | 104.00 | OK | |
r-oldrel-macos-arm64 | 0.1.0 | 25.00 | NOTE | |||
r-oldrel-macos-x86_64 | 0.1.0 | 38.00 | NOTE | |||
r-oldrel-windows-ix86+x86_64 | 0.1.0 | 8.00 | 66.00 | 74.00 | OK |
Version: 0.1.0
Check: data for non-ASCII characters
Result: NOTE
Note: found 99 marked UTF-8 strings
Flavors: r-devel-linux-x86_64-fedora-clang, r-devel-linux-x86_64-fedora-gcc, r-release-macos-arm64, r-release-macos-x86_64, r-oldrel-macos-arm64, r-oldrel-macos-x86_64