CRAN Package Check Results for Package biclustermd

Last updated on 2022-05-18 18:52:16 CEST.

Flavor Version Tinstall Tcheck Ttotal Status Flags
r-devel-linux-x86_64-debian-clang 0.2.3 9.15 178.88 188.03 OK
r-devel-linux-x86_64-debian-gcc 0.2.3 7.86 131.08 138.94 OK
r-devel-linux-x86_64-fedora-clang 0.2.3 211.05 NOTE
r-devel-linux-x86_64-fedora-gcc 0.2.3 218.14 NOTE
r-devel-windows-x86_64 0.2.3 63.00 195.00 258.00 OK
r-patched-linux-x86_64 0.2.3 10.94 164.59 175.53 OK
r-release-linux-x86_64 0.2.3 9.42 165.55 174.97 OK
r-release-macos-arm64 0.2.3 60.00 NOTE
r-release-macos-x86_64 0.2.3 114.00 NOTE
r-release-windows-x86_64 0.2.3 47.00 203.00 250.00 OK
r-oldrel-macos-arm64 0.2.3 84.00 NOTE
r-oldrel-macos-x86_64 0.2.3 78.00 NOTE
r-oldrel-windows-ix86+x86_64 0.2.3 23.00 202.00 225.00 OK

Check Details

Version: 0.2.3
Check: dependencies in R code
Result: NOTE
    Namespace in Imports field not imported from: ‘nycflights13’
     All declared Imports should be used.
Flavors: r-devel-linux-x86_64-fedora-clang, r-devel-linux-x86_64-fedora-gcc, r-release-macos-arm64, r-release-macos-x86_64, r-oldrel-macos-arm64, r-oldrel-macos-x86_64