Last updated on 2023-03-29 11:52:10 CEST.
Flavor | Version | Tinstall | Tcheck | Ttotal | Status | Flags |
---|---|---|---|---|---|---|
r-devel-linux-x86_64-debian-clang | 0.7.2 | 43.61 | 41.74 | 85.35 | NOTE | |
r-devel-linux-x86_64-debian-gcc | 0.7.2 | 32.48 | 31.60 | 64.08 | NOTE | |
r-devel-linux-x86_64-fedora-clang | 0.7.2 | 123.08 | NOTE | |||
r-devel-linux-x86_64-fedora-gcc | 0.7.2 | 120.75 | NOTE | |||
r-devel-windows-x86_64 | 0.7.2 | 47.00 | 91.00 | 138.00 | NOTE | |
r-patched-linux-x86_64 | 0.7.2 | 40.59 | 39.16 | 79.75 | NOTE | |
r-release-linux-x86_64 | 0.7.2 | 36.64 | 40.14 | 76.78 | OK | |
r-release-macos-arm64 | 0.7.2 | 36.00 | OK | |||
r-release-macos-x86_64 | 0.7.2 | 72.00 | OK | |||
r-release-windows-x86_64 | 0.7.2 | 51.00 | 93.00 | 144.00 | OK | |
r-oldrel-macos-arm64 | 0.7.2 | 36.00 | OK | |||
r-oldrel-macos-x86_64 | 0.7.2 | 74.00 | OK | |||
r-oldrel-windows-ix86+x86_64 | 0.7.2 | 112.00 | 94.00 | 206.00 | OK |
Version: 0.7.2
Check: C++ specification
Result: NOTE
Specified C++11: please drop specification unless essential
Flavors: r-devel-linux-x86_64-debian-clang, r-devel-linux-x86_64-debian-gcc, r-devel-linux-x86_64-fedora-clang, r-devel-linux-x86_64-fedora-gcc, r-devel-windows-x86_64, r-patched-linux-x86_64