CRAN Package Check Results for Package bigMap

Last updated on 2021-06-20 11:51:09 CEST.

Flavor Version Tinstall Tcheck Ttotal Status Flags
r-devel-linux-x86_64-debian-clang 2.3.1 70.98 108.09 179.07 NOTE
r-devel-linux-x86_64-debian-gcc 2.3.1 46.72 77.14 123.86 NOTE
r-devel-linux-x86_64-fedora-clang 2.3.1 234.35 NOTE
r-devel-linux-x86_64-fedora-gcc 2.3.1 217.06 NOTE
r-devel-windows-x86_64 2.3.1 94.00 140.00 234.00 NOTE
r-devel-windows-x86_64-gcc10-UCRT 2.3.1 NOTE
r-patched-linux-x86_64 2.3.1 54.59 101.31 155.90 NOTE
r-patched-solaris-x86 2.3.1 216.70 NOTE
r-release-linux-x86_64 2.3.1 58.73 101.21 159.94 NOTE
r-release-macos-arm64 2.3.1 NOTE
r-release-macos-x86_64 2.3.1 NOTE
r-release-windows-ix86+x86_64 2.3.1 180.00 173.00 353.00 NOTE
r-oldrel-macos-x86_64 2.3.1 NOTE
r-oldrel-windows-ix86+x86_64 2.3.1 125.00 170.00 295.00 NOTE

Check Details

Version: 2.3.1
Check: for GNU extensions in Makefiles
Result: NOTE
    GNU make is a SystemRequirements.
Flavors: r-devel-linux-x86_64-debian-clang, r-devel-linux-x86_64-debian-gcc, r-devel-linux-x86_64-fedora-clang, r-devel-linux-x86_64-fedora-gcc, r-devel-windows-x86_64, r-devel-windows-x86_64-gcc10-UCRT, r-patched-linux-x86_64, r-patched-solaris-x86, r-release-linux-x86_64, r-release-macos-arm64, r-release-macos-x86_64, r-release-windows-ix86+x86_64, r-oldrel-macos-x86_64, r-oldrel-windows-ix86+x86_64

Version: 2.3.1
Check: installed package size
Result: NOTE
     installed size is 5.9Mb
     sub-directories of 1Mb or more:
     doc 1.8Mb
     extdata 1.9Mb
     libs 2.0Mb
Flavors: r-devel-linux-x86_64-fedora-clang, r-release-macos-arm64, r-release-macos-x86_64, r-release-windows-ix86+x86_64, r-oldrel-macos-x86_64, r-oldrel-windows-ix86+x86_64