CRAN Package Check Results for Package bigSurvSGD

Last updated on 2021-06-18 05:48:38 CEST.

Flavor Version Tinstall Tcheck Ttotal Status Flags
r-devel-linux-x86_64-debian-clang 0.0.1 37.66 34.65 72.31 OK
r-devel-linux-x86_64-debian-gcc 0.0.1 28.30 27.28 55.58 OK
r-devel-linux-x86_64-fedora-clang 0.0.1 109.84 NOTE
r-devel-linux-x86_64-fedora-gcc 0.0.1 90.70 NOTE
r-devel-windows-x86_64 0.0.1 49.00 48.00 97.00 OK
r-devel-windows-x86_64-gcc10-UCRT 0.0.1 NOTE
r-patched-linux-x86_64 0.0.1 31.81 33.37 65.18 OK
r-patched-solaris-x86 0.0.1 104.10 NOTE
r-release-linux-x86_64 0.0.1 31.79 33.31 65.10 OK
r-release-macos-arm64 0.0.1 NOTE
r-release-macos-x86_64 0.0.1 NOTE
r-release-windows-ix86+x86_64 0.0.1 94.00 77.00 171.00 OK
r-oldrel-macos-x86_64 0.0.1 NOTE
r-oldrel-windows-ix86+x86_64 0.0.1 66.00 75.00 141.00 OK

Check Details

Version: 0.0.1
Check: dependencies in R code
Result: NOTE
    Namespace in Imports field not imported from: ‘survival’
     All declared Imports should be used.
Flavors: r-devel-linux-x86_64-fedora-clang, r-devel-linux-x86_64-fedora-gcc, r-devel-windows-x86_64-gcc10-UCRT, r-patched-solaris-x86, r-release-macos-arm64, r-release-macos-x86_64, r-oldrel-macos-x86_64