CRAN Package Check Results for Package biglasso

Last updated on 2020-11-29 05:47:15 CET.

Flavor Version Tinstall Tcheck Ttotal Status Flags
r-devel-linux-x86_64-debian-clang 1.3-7 325.80 76.38 402.18 OK
r-devel-linux-x86_64-debian-gcc 1.3-7 294.75 61.01 355.76 OK
r-devel-linux-x86_64-fedora-clang 1.3-7 468.27 NOTE
r-devel-linux-x86_64-fedora-gcc 1.3-7 418.27 OK
r-devel-windows-ix86+x86_64 1.3-7 660.00 145.00 805.00 OK
r-patched-linux-x86_64 1.3-7 461.61 72.37 533.98 OK
r-patched-solaris-x86 1.3-7 371.40 OK
r-release-linux-x86_64 1.3-7 465.38 71.50 536.88 OK
r-release-macos-x86_64 1.3-7 NOTE
r-release-windows-ix86+x86_64 1.3-7 675.00 104.00 779.00 OK
r-oldrel-macos-x86_64 1.3-7 NOTE
r-oldrel-windows-ix86+x86_64 1.3-7 556.00 134.00 690.00 OK

Check Details

Version: 1.3-7
Check: installed package size
Result: NOTE
     installed size is 10.0Mb
     sub-directories of 1Mb or more:
     libs 9.2Mb
Flavors: r-devel-linux-x86_64-fedora-clang, r-release-macos-x86_64, r-oldrel-macos-x86_64