CRAN Package Check Results for Package bigmemory

Last updated on 2021-05-14 05:50:08 CEST.

Flavor Version Tinstall Tcheck Ttotal Status Flags
r-devel-linux-x86_64-debian-clang 4.5.36 81.99 46.29 128.28 OK
r-devel-linux-x86_64-debian-gcc 4.5.36 61.86 36.56 98.42 OK
r-devel-linux-x86_64-fedora-clang 4.5.36 189.14 NOTE
r-devel-linux-x86_64-fedora-gcc 4.5.36 170.88 NOTE
r-devel-windows-ix86+x86_64 4.5.36 218.00 81.00 299.00 OK
r-devel-windows-x86_64-gcc10-UCRT 4.5.36 OK
r-patched-linux-x86_64 4.5.36 72.48 44.77 117.25 OK
r-patched-solaris-x86 4.5.36 166.90 OK
r-release-linux-x86_64 4.5.36 75.41 43.97 119.38 OK
r-release-macos-x86_64 4.5.36 NOTE
r-release-windows-ix86+x86_64 4.5.36 171.00 109.00 280.00 OK
r-oldrel-macos-x86_64 4.5.36 NOTE
r-oldrel-windows-ix86+x86_64 4.5.36 213.00 100.00 313.00 OK

Additional issues

clang-UBSAN M1mac

Check Details

Version: 4.5.36
Check: installed package size
Result: NOTE
     installed size is 6.9Mb
     sub-directories of 1Mb or more:
     libs 6.4Mb
Flavors: r-devel-linux-x86_64-fedora-clang, r-release-macos-x86_64, r-oldrel-macos-x86_64

Version: 4.5.36
Check: top-level files
Result: NOTE
     possible bashism in configure line 14 (echo -n):
     echo -n " checking for Sun Studio compiler..."
     possible bashism in configure line 24 (echo -n):
     echo -n " checking for OS..."
Flavors: r-devel-linux-x86_64-fedora-clang, r-devel-linux-x86_64-fedora-gcc