CRAN Package Check Results for Package bignum

Last updated on 2022-01-18 10:17:08 CET.

Flavor Version Tinstall Tcheck Ttotal Status Flags
r-devel-linux-x86_64-debian-clang 0.3.0 89.84 52.82 142.66 OK
r-devel-linux-x86_64-debian-gcc 0.3.0 72.99 42.89 115.88 OK
r-devel-linux-x86_64-fedora-clang 0.3.0 204.78 NOTE
r-devel-linux-x86_64-fedora-gcc 0.3.0 186.10 OK
r-devel-windows-x86_64-new-UL 0.3.0 96.00 99.00 195.00 OK
r-devel-windows-x86_64-new-TK 0.3.0 OK
r-patched-linux-x86_64 0.3.0 81.76 51.27 133.03 OK
r-release-linux-x86_64 0.3.0 OK
r-release-macos-arm64 0.3.0 NOTE
r-release-macos-x86_64 0.3.0 NOTE
r-release-windows-ix86+x86_64 0.3.0 193.00 107.00 300.00 OK
r-oldrel-macos-x86_64 0.3.0 NOTE
r-oldrel-windows-ix86+x86_64 0.3.0 194.00 99.00 293.00 OK

Check Details

Version: 0.3.0
Check: installed package size
Result: NOTE
     installed size is 8.3Mb
     sub-directories of 1Mb or more:
     libs 8.1Mb
Flavors: r-devel-linux-x86_64-fedora-clang, r-release-macos-arm64, r-release-macos-x86_64, r-oldrel-macos-x86_64