Last updated on 2024-04-23 23:55:53 CEST.
Flavor | Version | Tinstall | Tcheck | Ttotal | Status | Flags |
---|---|---|---|---|---|---|
r-devel-linux-x86_64-debian-clang | 0.3.2 | 89.92 | 63.51 | 153.43 | NOTE | |
r-devel-linux-x86_64-debian-gcc | 0.3.2 | 84.48 | 46.40 | 130.88 | NOTE | |
r-devel-linux-x86_64-fedora-clang | 0.3.2 | 210.55 | NOTE | |||
r-devel-linux-x86_64-fedora-gcc | 0.3.2 | 251.66 | NOTE | |||
r-prerel-macos-arm64 | 0.3.2 | 60.00 | NOTE | |||
r-prerel-windows-x86_64 | 0.3.2 | 83.00 | 89.00 | 172.00 | OK | |
r-patched-linux-x86_64 | 0.3.2 | 102.79 | 59.48 | 162.27 | OK | |
r-release-linux-x86_64 | 0.3.2 | 98.55 | 57.79 | 156.34 | OK | |
r-release-macos-arm64 | 0.3.2 | 83.00 | NOTE | |||
r-release-macos-x86_64 | 0.3.2 | 145.00 | NOTE | |||
r-release-windows-x86_64 | 0.3.2 | 99.00 | 102.00 | 201.00 | OK | |
r-oldrel-macos-arm64 | 0.3.2 | 64.00 | NOTE | |||
r-oldrel-windows-x86_64 | 0.3.2 | 85.00 | 100.00 | 185.00 | OK |
Version: 0.3.2
Check: compiled code
Result: NOTE
File ‘bignum/libs/bignum.so’:
Found non-API calls to R: ‘SETLENGTH’, ‘SET_TRUELENGTH’
Compiled code should not call non-API entry points in R.
See ‘Writing portable packages’ in the ‘Writing R Extensions’ manual.
Flavors: r-devel-linux-x86_64-debian-clang, r-devel-linux-x86_64-debian-gcc, r-devel-linux-x86_64-fedora-clang, r-devel-linux-x86_64-fedora-gcc
Version: 0.3.2
Check: installed package size
Result: NOTE
installed size is 9.0Mb
sub-directories of 1Mb or more:
libs 8.7Mb
Flavors: r-prerel-macos-arm64, r-release-macos-arm64, r-release-macos-x86_64, r-oldrel-macos-arm64