CRAN Package Check Results for Package bindr

Last updated on 2024-04-19 18:05:20 CEST.

Flavor Version Tinstall Tcheck Ttotal Status Flags
r-devel-linux-x86_64-debian-clang 0.1.1 1.76 24.31 26.07 NOTE
r-devel-linux-x86_64-debian-gcc 0.1.1 NOTE
r-devel-linux-x86_64-fedora-clang 0.1.1 33.05 NOTE
r-devel-linux-x86_64-fedora-gcc 0.1.1 43.06 NOTE
r-prerel-macos-arm64 0.1.1 19.00 NOTE
r-prerel-windows-x86_64 0.1.1 3.00 46.00 49.00 NOTE
r-patched-linux-x86_64 0.1.1 1.50 22.97 24.47 NOTE
r-release-linux-x86_64 0.1.1 1.32 23.84 25.16 NOTE
r-release-macos-arm64 0.1.1 20.00 NOTE
r-release-macos-x86_64 0.1.1 28.00 NOTE
r-release-windows-x86_64 0.1.1 3.00 44.00 47.00 NOTE
r-oldrel-macos-arm64 0.1.1 21.00 NOTE
r-oldrel-windows-x86_64 0.1.1 3.00 49.00 52.00 NOTE

Check Details

Version: 0.1.1
Check: LazyData
Result: NOTE 'LazyData' is specified without a 'data' directory Flavors: r-devel-linux-x86_64-debian-clang, r-devel-linux-x86_64-debian-gcc, r-devel-linux-x86_64-fedora-clang, r-devel-linux-x86_64-fedora-gcc, r-prerel-macos-arm64, r-prerel-windows-x86_64, r-patched-linux-x86_64, r-release-linux-x86_64, r-release-macos-arm64, r-release-macos-x86_64, r-release-windows-x86_64, r-oldrel-macos-arm64, r-oldrel-windows-x86_64