CRAN Package Check Results for Package binovisualfields

Last updated on 2022-05-26 23:52:51 CEST.

Flavor Version Tinstall Tcheck Ttotal Status Flags
r-devel-linux-x86_64-debian-clang 0.1.1 2.15 38.05 40.20 NOTE
r-devel-linux-x86_64-debian-gcc 0.1.1 1.97 32.76 34.73 NOTE
r-devel-linux-x86_64-fedora-clang 0.1.1 51.51 NOTE
r-devel-linux-x86_64-fedora-gcc 0.1.1 50.85 NOTE
r-devel-windows-x86_64 0.1.1 34.00 61.00 95.00 NOTE
r-patched-linux-x86_64 0.1.1 2.90 36.21 39.11 NOTE
r-release-linux-x86_64 0.1.1 1.77 36.70 38.47 NOTE
r-release-macos-arm64 0.1.1 19.00 NOTE
r-release-macos-x86_64 0.1.1 32.00 NOTE
r-release-windows-x86_64 0.1.1 44.00 60.00 104.00 NOTE
r-oldrel-macos-arm64 0.1.1 24.00 NOTE
r-oldrel-macos-x86_64 0.1.1 31.00 NOTE
r-oldrel-windows-ix86+x86_64 0.1.1 10.00 51.00 61.00 NOTE

Check Details

Version: 0.1.1
Check: LazyData
Result: NOTE
     'LazyData' is specified without a 'data' directory
Flavors: r-devel-linux-x86_64-debian-clang, r-devel-linux-x86_64-debian-gcc, r-devel-linux-x86_64-fedora-clang, r-devel-linux-x86_64-fedora-gcc, r-devel-windows-x86_64, r-patched-linux-x86_64, r-release-linux-x86_64, r-release-macos-arm64, r-release-macos-x86_64, r-release-windows-x86_64, r-oldrel-macos-arm64, r-oldrel-macos-x86_64, r-oldrel-windows-ix86+x86_64

Version: 0.1.1
Check: dependencies in R code
Result: NOTE
    Namespace in Imports field not imported from: ‘gtools’
     All declared Imports should be used.
Flavors: r-devel-linux-x86_64-fedora-clang, r-devel-linux-x86_64-fedora-gcc, r-release-macos-arm64, r-release-macos-x86_64, r-oldrel-macos-arm64, r-oldrel-macos-x86_64