CRAN Package Check Results for Package biogram

Last updated on 2021-03-09 05:47:00 CET.

Flavor Version Tinstall Tcheck Ttotal Status Flags
r-devel-linux-x86_64-debian-clang 1.6.3 4.73 60.41 65.14 OK
r-devel-linux-x86_64-debian-gcc 1.6.3 4.05 45.24 49.29 OK
r-devel-linux-x86_64-fedora-clang 1.6.3 88.26 NOTE
r-devel-linux-x86_64-fedora-gcc 1.6.3 77.24 OK
r-devel-windows-ix86+x86_64 1.6.3 10.00 61.00 71.00 OK
r-devel-windows-x86_64-gcc10-UCRT 1.6.3 OK
r-patched-linux-x86_64 1.6.3 5.34 57.62 62.96 OK
r-patched-solaris-x86 1.6.3 111.40 OK
r-release-linux-x86_64 1.6.3 4.75 57.64 62.39 OK
r-release-macos-x86_64 1.6.3 OK
r-release-windows-ix86+x86_64 1.6.3 8.00 85.00 93.00 OK
r-oldrel-macos-x86_64 1.6.3 OK
r-oldrel-windows-ix86+x86_64 1.6.3 6.00 60.00 66.00 OK

Check Details

Version: 1.6.3
Check: Rd cross-references
Result: NOTE
    Undeclared package ‘seqinr’ in Rd xrefs
Flavor: r-devel-linux-x86_64-fedora-clang