CRAN Package Check Results for Package biomod2

Last updated on 2021-06-16 11:54:12 CEST.

Flavor Version Tinstall Tcheck Ttotal Status Flags
r-devel-linux-x86_64-debian-clang 3.5.1 61.92 412.99 474.91 OK
r-devel-linux-x86_64-debian-gcc 3.5.1 50.23 303.85 354.08 OK
r-devel-linux-x86_64-fedora-clang 3.5.1 577.93 NOTE
r-devel-linux-x86_64-fedora-gcc 3.5.1 564.42 NOTE
r-devel-windows-x86_64 3.5.1 94.00 456.00 550.00 OK
r-devel-windows-x86_64-gcc10-UCRT 3.5.1 FAIL
r-patched-linux-x86_64 3.5.1 56.15 388.98 445.13 OK
r-patched-solaris-x86 3.5.1 750.30 NOTE
r-release-linux-x86_64 3.5.1 57.45 392.83 450.28 OK
r-release-macos-arm64 3.4.6 OK
r-release-macos-x86_64 3.5.1 NOTE
r-release-windows-ix86+x86_64 3.5.1 86.00 349.00 435.00 OK
r-oldrel-macos-x86_64 3.5.1 NOTE
r-oldrel-windows-ix86+x86_64 3.5.1 100.00 390.00 490.00 OK

Check Details

Version: 3.5.1
Check: package dependencies
Result: NOTE
    Imports includes 27 non-default packages.
    Importing from so many packages makes the package vulnerable to any of
    them becoming unavailable. Move as many as possible to Suggests and
    use conditionally.
Flavor: r-devel-linux-x86_64-fedora-clang

Version: 3.5.1
Check: dependencies in R code
Result: NOTE
    Namespace in Imports field not imported from: ‘doParallel’
     All declared Imports should be used.
Flavors: r-devel-linux-x86_64-fedora-clang, r-devel-linux-x86_64-fedora-gcc, r-devel-windows-x86_64-gcc10-UCRT, r-patched-solaris-x86, r-release-macos-x86_64, r-oldrel-macos-x86_64

Version: 3.5.1
Check: examples
Result: FAIL
Flavor: r-devel-windows-x86_64-gcc10-UCRT