Last updated on 2024-03-28 11:53:21 CET.
Flavor | Version | Tinstall | Tcheck | Ttotal | Status | Flags |
---|---|---|---|---|---|---|
r-devel-linux-x86_64-debian-clang | 1.0 | 48.65 | 119.40 | 168.05 | OK | |
r-devel-linux-x86_64-debian-gcc | 1.0 | 37.50 | 91.47 | 128.97 | OK | |
r-devel-linux-x86_64-fedora-clang | 1.0 | 220.20 | NOTE | |||
r-devel-linux-x86_64-fedora-gcc | 1.0 | 226.16 | NOTE | |||
r-devel-windows-x86_64 | 1.0 | 40.00 | 120.00 | 160.00 | NOTE | |
r-patched-linux-x86_64 | 1.0 | 35.66 | 113.89 | 149.55 | OK | |
r-release-linux-x86_64 | 1.0 | 46.46 | 117.83 | 164.29 | OK | |
r-release-macos-arm64 | 1.0 | 73.00 | NOTE | |||
r-release-macos-x86_64 | 1.0 | 118.00 | NOTE | |||
r-release-windows-x86_64 | 1.0 | 49.00 | 156.00 | 205.00 | NOTE | |
r-oldrel-macos-arm64 | 1.0 | 67.00 | NOTE | |||
r-oldrel-windows-x86_64 | 1.0 | 49.00 | 150.00 | 199.00 | NOTE |
Version: 1.0
Check: installed package size
Result: NOTE
installed size is 5.7Mb
sub-directories of 1Mb or more:
extdata 4.8Mb
Flavors: r-devel-linux-x86_64-fedora-clang, r-devel-windows-x86_64, r-release-macos-arm64, r-release-macos-x86_64, r-release-windows-x86_64, r-oldrel-macos-arm64, r-oldrel-windows-x86_64
Version: 1.0
Check: dependencies in R code
Result: NOTE
Namespace in Imports field not imported from: ‘Rcpp’
All declared Imports should be used.
Flavors: r-devel-linux-x86_64-fedora-clang, r-devel-linux-x86_64-fedora-gcc, r-oldrel-macos-arm64