CRAN Package Check Results for Package bipd

Last updated on 2024-06-13 05:58:59 CEST.

Flavor Version Tinstall Tcheck Ttotal Status Flags
r-devel-linux-x86_64-debian-clang 0.3 6.85 525.23 532.08 OK
r-devel-linux-x86_64-debian-gcc 0.3 0.37 1.85 2.22 ERROR
r-devel-linux-x86_64-fedora-clang 0.3 682.37 OK
r-devel-linux-x86_64-fedora-gcc 0.3 695.48 OK
r-devel-windows-x86_64 0.3 7.00 468.00 475.00 OK
r-patched-linux-x86_64 0.3 8.03 528.79 536.82 OK
r-release-linux-x86_64 0.3 7.10 525.30 532.40 OK
r-release-macos-arm64 0.3 184.00 OK
r-release-macos-x86_64 0.3 311.00 OK
r-release-windows-x86_64 0.3 7.00 474.00 481.00 OK
r-oldrel-macos-arm64 0.3 213.00 OK
r-oldrel-macos-x86_64 0.3 393.00 OK
r-oldrel-windows-x86_64 0.3 9.00 604.00 613.00 OK

Check Details

Version: 0.3
Check: package dependencies
Result: ERROR Package required but not available: ‘dplyr’ Packages suggested but not available for checking: 'dclone', 'mice', 'micemd', 'miceadds' See section ‘The DESCRIPTION file’ in the ‘Writing R Extensions’ manual. Flavor: r-devel-linux-x86_64-debian-gcc