Last updated on 2024-08-16 11:49:36 CEST.
Flavor | Version | Tinstall | Tcheck | Ttotal | Status | Flags |
---|---|---|---|---|---|---|
r-devel-linux-x86_64-debian-clang | 1.0-0 | 6.28 | 93.58 | 99.86 | NOTE | |
r-devel-linux-x86_64-debian-gcc | 1.0-0 | 6.18 | 65.05 | 71.23 | NOTE | |
r-devel-linux-x86_64-fedora-clang | 1.0-0 | 166.97 | OK | |||
r-devel-linux-x86_64-fedora-gcc | 1.0-0 | 156.38 | OK | |||
r-devel-windows-x86_64 | 1.0-0 | 11.00 | 107.00 | 118.00 | NOTE | |
r-patched-linux-x86_64 | 1.0-0 | 14.26 | 88.65 | 102.91 | OK | |
r-release-linux-x86_64 | 1.0-0 | 8.27 | 87.66 | 95.93 | OK | |
r-release-macos-arm64 | 1.0-0 | 45.00 | OK | |||
r-release-macos-x86_64 | 1.0-0 | 70.00 | OK | |||
r-release-windows-x86_64 | 1.0-0 | 12.00 | 104.00 | 116.00 | OK | |
r-oldrel-macos-arm64 | 1.0-0 | 58.00 | OK | |||
r-oldrel-macos-x86_64 | 1.0-0 | 91.00 | OK | |||
r-oldrel-windows-x86_64 | 1.0-0 | 13.00 | 130.00 | 143.00 | OK |
Version: 1.0-0
Check: Rd cross-references
Result: NOTE
Found the following Rd file(s) with Rd \link{} targets missing package
anchors:
connectivity.map.Rd: poly2nb, knn2nb, graph2nb
gearybi.test.Rd: listw2U
localmoran.bi.Rd: localG
moranbi.test.Rd: moran, moran.mc, listw2U
moranbir.test.Rd: listw2U
spcorrelogram.bi.Rd: nblag
Please provide package anchors for all Rd \link{} targets not in the
package itself and the base packages.
Flavors: r-devel-linux-x86_64-debian-clang, r-devel-linux-x86_64-debian-gcc, r-devel-windows-x86_64