CRAN Package Check Results for Package bisque

Last updated on 2019-10-18 17:48:22 CEST.

Flavor Version Tinstall Tcheck Ttotal Status Flags
r-devel-linux-x86_64-debian-clang 1.0.1 126.12 38.50 164.62 OK
r-devel-linux-x86_64-debian-gcc 1.0.1 94.39 29.85 124.24 OK
r-devel-linux-x86_64-fedora-clang 1.0.1 247.45 NOTE
r-devel-linux-x86_64-fedora-gcc 1.0.1 237.68 OK
r-devel-windows-ix86+x86_64 1.0.1 324.00 106.00 430.00 OK
r-patched-linux-x86_64 1.0.1 101.52 37.78 139.30 OK
r-patched-solaris-x86 1.0.1 193.10 OK
r-release-linux-x86_64 1.0.1 108.20 37.73 145.93 OK
r-release-windows-ix86+x86_64 1.0.1 228.00 74.00 302.00 OK
r-release-osx-x86_64 1.0.1 NOTE
r-oldrel-windows-ix86+x86_64 1.0.1 220.00 77.00 297.00 OK
r-oldrel-osx-x86_64 1.0.1 NOTE

Additional issues

LTO

Check Details

Version: 1.0.1
Check: installed package size
Result: NOTE
     installed size is 5.7Mb
     sub-directories of 1Mb or more:
     libs 5.5Mb
Flavors: r-devel-linux-x86_64-fedora-clang, r-release-osx-x86_64, r-oldrel-osx-x86_64