CRAN Package Check Results for Package bisque

Last updated on 2022-05-26 23:52:51 CEST.

Flavor Version Tinstall Tcheck Ttotal Status Flags
r-devel-linux-x86_64-debian-clang 1.0.2 144.94 54.34 199.28 OK
r-devel-linux-x86_64-debian-gcc 1.0.2 112.88 46.95 159.83 OK
r-devel-linux-x86_64-fedora-clang 1.0.2 282.73 NOTE
r-devel-linux-x86_64-fedora-gcc 1.0.2 269.43 OK
r-devel-windows-x86_64 1.0.2 106.00 93.00 199.00 OK
r-patched-linux-x86_64 1.0.2 123.61 51.93 175.54 OK
r-release-linux-x86_64 1.0.2 120.43 51.60 172.03 OK
r-release-macos-arm64 1.0.2 60.00 NOTE
r-release-macos-x86_64 1.0.2 77.00 NOTE
r-release-windows-x86_64 1.0.2 106.00 95.00 201.00 OK
r-oldrel-macos-arm64 1.0.2 59.00 NOTE
r-oldrel-macos-x86_64 1.0.2 108.00 NOTE
r-oldrel-windows-ix86+x86_64 1.0.2 339.00 101.00 440.00 OK

Check Details

Version: 1.0.2
Check: installed package size
Result: NOTE
     installed size is 5.1Mb
     sub-directories of 1Mb or more:
     libs 4.9Mb
Flavors: r-devel-linux-x86_64-fedora-clang, r-release-macos-arm64, r-release-macos-x86_64, r-oldrel-macos-arm64, r-oldrel-macos-x86_64