Last updated on 2024-03-28 11:53:21 CET.
Flavor | Version | Tinstall | Tcheck | Ttotal | Status | Flags |
---|---|---|---|---|---|---|
r-devel-linux-x86_64-debian-clang | 1.1.2 | 243.71 | 187.90 | 431.61 | NOTE | |
r-devel-linux-x86_64-debian-gcc | 1.1.2 | 211.74 | 156.50 | 368.24 | NOTE | |
r-devel-linux-x86_64-fedora-clang | 1.1.2 | 537.40 | NOTE | |||
r-devel-linux-x86_64-fedora-gcc | 1.1.2 | 644.49 | NOTE | |||
r-devel-windows-x86_64 | 1.1.2 | 174.00 | 184.00 | 358.00 | NOTE | |
r-patched-linux-x86_64 | 1.1.2 | 191.39 | 205.18 | 396.57 | NOTE | |
r-release-linux-x86_64 | 1.1.2 | 179.95 | 205.27 | 385.22 | NOTE | |
r-release-macos-arm64 | 1.1.2 | 249.00 | NOTE | |||
r-release-macos-x86_64 | 1.1.2 | 546.00 | NOTE | |||
r-release-windows-x86_64 | 1.1.2 | 223.00 | 228.00 | 451.00 | NOTE | |
r-oldrel-macos-arm64 | 1.1.1 | 133.00 | NOTE | |||
r-oldrel-windows-x86_64 | 1.1.1 | 171.00 | 184.00 | 355.00 | NOTE |
Version: 1.1.2
Check: for GNU extensions in Makefiles
Result: NOTE
GNU make is a SystemRequirements.
Flavors: r-devel-linux-x86_64-debian-clang, r-devel-linux-x86_64-debian-gcc, r-devel-linux-x86_64-fedora-clang, r-devel-linux-x86_64-fedora-gcc, r-devel-windows-x86_64, r-patched-linux-x86_64, r-release-linux-x86_64, r-release-macos-arm64, r-release-macos-x86_64, r-release-windows-x86_64
Version: 1.1.2
Check: installed package size
Result: NOTE
installed size is 45.1Mb
sub-directories of 1Mb or more:
libs 44.1Mb
Flavors: r-release-macos-arm64, r-release-macos-x86_64
Version: 1.1.1
Check: installed package size
Result: NOTE
installed size is 38.6Mb
sub-directories of 1Mb or more:
libs 37.6Mb
Flavor: r-oldrel-macos-arm64
Version: 1.1.1
Check: dependencies in R code
Result: NOTE
Namespaces in Imports field not imported from:
‘RcppParallel’ ‘magrittr’
All declared Imports should be used.
Flavor: r-oldrel-macos-arm64
Version: 1.1.1
Check: for GNU extensions in Makefiles
Result: NOTE
GNU make is a SystemRequirements.
Flavors: r-oldrel-macos-arm64, r-oldrel-windows-x86_64