CRAN Package Check Results for Package blavaan

Last updated on 2022-10-04 11:50:06 CEST.

Flavor Version Tinstall Tcheck Ttotal Status Flags
r-devel-linux-x86_64-debian-clang 0.4-3 434.26 223.54 657.80 NOTE
r-devel-linux-x86_64-debian-gcc 0.4-3 256.13 166.99 423.12 NOTE
r-devel-linux-x86_64-fedora-clang 0.4-3 709.28 NOTE
r-devel-linux-x86_64-fedora-gcc 0.4-3 699.68 NOTE
r-devel-windows-x86_64 0.4-3 195.00 258.00 453.00 NOTE
r-patched-linux-x86_64 0.4-3 0.01 3.51 3.52 ERROR
r-release-linux-x86_64 0.4-3 0.02 3.58 3.60 ERROR
r-release-macos-arm64 0.4-3 191.00 NOTE
r-release-macos-x86_64 0.4-3 264.00 NOTE
r-release-windows-x86_64 0.4-3 197.00 256.00 453.00 NOTE
r-oldrel-macos-arm64 0.4-3 176.00 NOTE
r-oldrel-macos-x86_64 0.4-3 259.00 NOTE
r-oldrel-windows-ix86+x86_64 0.4-3 648.00 322.00 970.00 NOTE

Check Details

Version: 0.4-3
Check: package dependencies
Result: NOTE
    Package suggested but not available for checking: 'cmdstanr'
Flavors: r-devel-linux-x86_64-debian-clang, r-devel-linux-x86_64-debian-gcc, r-devel-linux-x86_64-fedora-clang, r-devel-linux-x86_64-fedora-gcc, r-devel-windows-x86_64, r-patched-linux-x86_64, r-release-linux-x86_64, r-release-macos-arm64, r-release-macos-x86_64, r-release-windows-x86_64, r-oldrel-macos-arm64, r-oldrel-macos-x86_64, r-oldrel-windows-ix86+x86_64

Version: 0.4-3
Check: for GNU extensions in Makefiles
Result: NOTE
    GNU make is a SystemRequirements.
Flavors: r-devel-linux-x86_64-debian-clang, r-devel-linux-x86_64-debian-gcc, r-devel-linux-x86_64-fedora-clang, r-devel-linux-x86_64-fedora-gcc, r-devel-windows-x86_64, r-release-macos-arm64, r-release-macos-x86_64, r-release-windows-x86_64, r-oldrel-macos-arm64, r-oldrel-macos-x86_64, r-oldrel-windows-ix86+x86_64

Version: 0.4-3
Check: installed package size
Result: NOTE
     installed size is 6.6Mb
     sub-directories of 1Mb or more:
     libs 4.6Mb
Flavors: r-devel-linux-x86_64-fedora-clang, r-devel-windows-x86_64, r-release-macos-arm64, r-release-macos-x86_64, r-release-windows-x86_64, r-oldrel-macos-arm64, r-oldrel-macos-x86_64, r-oldrel-windows-ix86+x86_64

Version: 0.4-3
Check: whether package can be installed
Result: ERROR
    Installation failed.
Flavors: r-patched-linux-x86_64, r-release-linux-x86_64