CRAN Package Check Results for Package blink

Last updated on 2024-06-18 23:49:23 CEST.

Flavor Version Tinstall Tcheck Ttotal Status Flags
r-devel-linux-x86_64-debian-clang 1.1.0 3.72 43.04 46.76 NOTE
r-devel-linux-x86_64-debian-gcc 1.1.0 2.68 32.70 35.38 NOTE
r-devel-linux-x86_64-fedora-clang 1.1.0 61.44 NOTE
r-devel-linux-x86_64-fedora-gcc 1.1.0 71.77 NOTE
r-devel-windows-x86_64 1.1.0 4.00 53.00 57.00 NOTE
r-patched-linux-x86_64 1.1.0 3.83 42.59 46.42 NOTE
r-release-linux-x86_64 1.1.0 2.47 42.84 45.31 NOTE
r-release-macos-arm64 1.1.0 29.00 NOTE
r-release-macos-x86_64 1.1.0 47.00 NOTE
r-release-windows-x86_64 1.1.0 4.00 54.00 58.00 NOTE
r-oldrel-macos-arm64 1.1.0 34.00 OK
r-oldrel-macos-x86_64 1.1.0 42.00 OK
r-oldrel-windows-x86_64 1.1.0 4.00 58.00 62.00 OK

Check Details

Version: 1.1.0
Check: Rd files
Result: NOTE checkRd: (-1) RLdata500.Rd:8: Lost braces 8 | A data frame with five variables: \code{fname_c1},\code{lname_c1}, \code{by}, code{bm}, \code{bd}. | ^ checkRd: (-1) identity.RLdata500.Rd:15: Lost braces 15 | format A vector that contains the code{id} | ^ Flavors: r-devel-linux-x86_64-debian-clang, r-devel-linux-x86_64-debian-gcc, r-devel-linux-x86_64-fedora-clang, r-devel-linux-x86_64-fedora-gcc, r-devel-windows-x86_64, r-patched-linux-x86_64, r-release-linux-x86_64, r-release-macos-arm64, r-release-macos-x86_64, r-release-windows-x86_64