CRAN Package Check Results for Package blme

Last updated on 2019-11-15 11:50:09 CET.

Flavor Version Tinstall Tcheck Ttotal Status Flags
r-devel-linux-x86_64-debian-clang 1.0-4 10.86 94.51 105.37 NOTE
r-devel-linux-x86_64-debian-gcc 1.0-4 10.08 70.88 80.96 NOTE
r-devel-linux-x86_64-fedora-clang 1.0-4 127.06 NOTE
r-devel-linux-x86_64-fedora-gcc 1.0-4 124.58 NOTE
r-devel-windows-ix86+x86_64 1.0-4 26.00 98.00 124.00 NOTE
r-patched-linux-x86_64 1.0-4 10.82 87.79 98.61 NOTE
r-patched-solaris-x86 1.0-4 183.10 NOTE
r-release-linux-x86_64 1.0-4 9.16 87.45 96.61 NOTE
r-release-windows-ix86+x86_64 1.0-4 17.00 146.00 163.00 NOTE
r-release-osx-x86_64 1.0-4 NOTE
r-oldrel-windows-ix86+x86_64 1.0-4 12.00 140.00 152.00 NOTE

Check Details

Version: 1.0-4
Check: R code for possible problems
Result: NOTE
    bglmer: no visible global function definition for 'packageVersion'
    getBglmerDevianceFunctionBody: no visible global function definition
     for 'packageVersion'
    getParInfo : <anonymous>: no visible global function definition for
     'sd'
    makeRefitDevFun: no visible global function definition for
     'packageVersion'
    mkBglmerDevfun: no visible global function definition for
     'packageVersion'
    namedList: no visible global function definition for 'setNames'
    refit.bmerMod: no visible global function definition for
     'packageVersion'
    refit.bmerMod: no visible global function definition for 'model.frame'
    refit.bmerMod: no visible global function definition for 'family'
    refit.bmerMod: no visible global function definition for 'getCall'
    Undefined global functions or variables:
     family getCall model.frame packageVersion sd setNames
    Consider adding
     importFrom("stats", "family", "getCall", "model.frame", "sd",
     "setNames")
     importFrom("utils", "packageVersion")
    to your NAMESPACE file.
Flavors: r-devel-linux-x86_64-debian-clang, r-devel-linux-x86_64-debian-gcc, r-devel-linux-x86_64-fedora-clang, r-devel-linux-x86_64-fedora-gcc, r-devel-windows-ix86+x86_64, r-patched-linux-x86_64, r-patched-solaris-x86, r-release-linux-x86_64, r-release-windows-ix86+x86_64, r-release-osx-x86_64, r-oldrel-windows-ix86+x86_64