Last updated on 2024-04-23 05:58:05 CEST.
Flavor | Version | Tinstall | Tcheck | Ttotal | Status | Flags |
---|---|---|---|---|---|---|
r-devel-linux-x86_64-debian-clang | 0.2.6 | 114.86 | 105.75 | 220.61 | OK | |
r-devel-linux-x86_64-debian-gcc | 0.2.6 | 90.03 | 78.64 | 168.67 | OK | |
r-devel-linux-x86_64-fedora-clang | 0.2.6 | 328.14 | OK | |||
r-devel-linux-x86_64-fedora-gcc | 0.2.6 | 313.76 | OK | |||
r-prerel-macos-arm64 | 0.2.6 | 73.00 | NOTE | |||
r-prerel-windows-x86_64 | 0.2.6 | 96.00 | 111.00 | 207.00 | OK | |
r-patched-linux-x86_64 | 0.2.6 | 115.36 | 97.31 | 212.67 | OK | |
r-release-linux-x86_64 | 0.2.6 | 109.37 | 101.12 | 210.49 | OK | |
r-release-macos-arm64 | 0.2.6 | 84.00 | NOTE | |||
r-release-macos-x86_64 | 0.2.6 | 135.00 | NOTE | |||
r-release-windows-x86_64 | 0.2.6 | 116.00 | 146.00 | 262.00 | OK | |
r-oldrel-macos-arm64 | 0.2.6 | 78.00 | NOTE | |||
r-oldrel-windows-x86_64 | 0.2.6 | 104.00 | 135.00 | 239.00 | OK |
Version: 0.2.6
Check: installed package size
Result: NOTE
installed size is 7.0Mb
sub-directories of 1Mb or more:
libs 6.6Mb
Flavors: r-prerel-macos-arm64, r-release-macos-arm64, r-release-macos-x86_64, r-oldrel-macos-arm64