Last updated on 2023-09-26 12:07:22 CEST.
Flavor | Version | Tinstall | Tcheck | Ttotal | Status | Flags |
---|---|---|---|---|---|---|
r-devel-linux-x86_64-debian-clang | 4.5.3 | 518.39 | 65.79 | 584.18 | OK | |
r-devel-linux-x86_64-debian-gcc | 4.5.3 | 402.81 | 50.34 | 453.15 | OK | |
r-devel-linux-x86_64-fedora-clang | 4.5.3 | 805.00 | OK | |||
r-devel-linux-x86_64-fedora-gcc | 4.5.3 | 957.36 | OK | |||
r-devel-windows-x86_64 | 4.5.3 | 309.00 | 135.00 | 444.00 | OK | |
r-patched-linux-x86_64 | 4.5.3 | 567.84 | 62.75 | 630.59 | OK | |
r-release-linux-x86_64 | 4.5.3 | 558.95 | 63.44 | 622.39 | OK | |
r-release-macos-arm64 | 4.5.3 | 201.00 | NOTE | |||
r-release-macos-x86_64 | 4.5.3 | 423.00 | NOTE | |||
r-release-windows-x86_64 | 4.5.3 | 376.00 | 141.00 | 517.00 | OK | |
r-oldrel-macos-arm64 | 4.5.3 | 175.00 | NOTE | |||
r-oldrel-macos-x86_64 | 4.5.3 | 237.00 | NOTE | |||
r-oldrel-windows-x86_64 | 4.5.3 | 410.00 | 136.00 | 546.00 | OK |
Version: 4.5.3
Check: installed package size
Result: NOTE
installed size is 36.6Mb
sub-directories of 1Mb or more:
libs 35.3Mb
Flavors: r-release-macos-arm64, r-release-macos-x86_64, r-oldrel-macos-arm64, r-oldrel-macos-x86_64