CRAN Package Check Results for Package blockcluster

Last updated on 2019-05-25 17:48:02 CEST.

Flavor Version Tinstall Tcheck Ttotal Status Flags
r-devel-linux-x86_64-debian-clang 4.4.3 417.02 57.34 474.36 OK
r-devel-linux-x86_64-debian-gcc 4.4.3 375.89 45.13 421.02 OK
r-devel-linux-x86_64-fedora-clang 4.4.3 742.94 NOTE
r-devel-linux-x86_64-fedora-gcc 4.4.3 679.75 OK
r-devel-windows-ix86+x86_64 4.4.3 695.00 153.00 848.00 NOTE
r-patched-linux-x86_64 4.4.3 OK
r-patched-solaris-x86 4.4.3 4248.20 ERROR
r-release-linux-x86_64 4.4.3 438.36 56.40 494.76 OK
r-release-windows-ix86+x86_64 4.4.3 966.00 124.00 1090.00 NOTE
r-release-osx-x86_64 4.4.3 NOTE
r-oldrel-windows-ix86+x86_64 4.4.3 970.00 109.00 1079.00 NOTE
r-oldrel-osx-x86_64 4.4.3 NOTE

Additional issues

clang-UBSAN gcc-UBSAN valgrind

Check Details

Version: 4.4.3
Check: installed package size
Result: NOTE
     installed size is 46.5Mb
     sub-directories of 1Mb or more:
     libs 45.1Mb
Flavors: r-devel-linux-x86_64-fedora-clang, r-devel-windows-ix86+x86_64, r-release-windows-ix86+x86_64, r-release-osx-x86_64, r-oldrel-windows-ix86+x86_64, r-oldrel-osx-x86_64

Version: 4.4.3
Check: examples
Result: ERROR
    Running examples in ‘blockcluster-Ex.R’ failed
    The error most likely occurred in:
    
    > ### Name: blockcluster
    > ### Title: Co-Clustering Package
    > ### Aliases: blockcluster
    >
    > ### ** Examples
    >
    >
    > ## Simple example with simulated binary data
    > ## load data
    > data(binarydata)
    > ## usage of coclusterBinary function in its most simplest form
    > out<-coclusterBinary(binarydata,nbcocluster=c(2,3))
Flavor: r-patched-solaris-x86

Version: 4.4.3
Check: re-building of vignette outputs
Result: WARN
    Error(s) in re-building vignettes:
     ...
    --- re-building ‘blockcluster_tutorial.Rnw’ using Sweave
    Loading required package: rtkore
    Loading required package: Rcpp
    
    Attaching package: ‘rtkore’
    
    The following object is masked from ‘package:Rcpp’:
    
     LdFlags
    
    blockcluster version 4.4.3 loaded
    
    ----------------
    Copyright (C) <MODAL team @INRIA,Lille & U.M.R. C.N.R.S. 6599 Heudiasyc, UTC>
    Please post questions and bugs at: <https://gforge.inria.fr/forum/forum.php?forum_id=11190&group_id=3679>
Flavor: r-patched-solaris-x86