CRAN Package Check Results for Package blockcluster

Last updated on 2019-03-18 17:48:00 CET.

Flavor Version Tinstall Tcheck Ttotal Status Flags
r-devel-linux-x86_64-debian-clang 4.3.2 450.75 58.01 508.76 OK
r-devel-linux-x86_64-debian-gcc 4.3.2 402.42 46.14 448.56 OK
r-devel-linux-x86_64-fedora-clang 4.3.2 773.51 NOTE
r-devel-linux-x86_64-fedora-gcc 4.3.2 726.05 OK
r-devel-windows-ix86+x86_64 4.3.2 1092.00 155.00 1247.00 NOTE
r-patched-linux-x86_64 4.3.2 459.36 53.83 513.19 OK
r-patched-solaris-x86 4.3.2 4320.30 ERROR
r-release-linux-x86_64 4.3.2 466.40 53.82 520.22 OK
r-release-windows-ix86+x86_64 4.3.2 1022.00 125.00 1147.00 NOTE
r-release-osx-x86_64 4.3.2 NOTE
r-oldrel-windows-ix86+x86_64 4.3.2 844.00 143.00 987.00 NOTE
r-oldrel-osx-x86_64 4.3.2 NOTE

Check Details

Version: 4.3.2
Check: installed package size
Result: NOTE
     installed size is 54.7Mb
     sub-directories of 1Mb or more:
     libs 53.4Mb
Flavors: r-devel-linux-x86_64-fedora-clang, r-devel-windows-ix86+x86_64, r-release-windows-ix86+x86_64, r-release-osx-x86_64, r-oldrel-windows-ix86+x86_64, r-oldrel-osx-x86_64

Version: 4.3.2
Check: examples
Result: ERROR
    Running examples in ‘blockcluster-Ex.R’ failed
    The error most likely occurred in:
    
    > ### Name: blockcluster
    > ### Title: Co-Clustering Package
    > ### Aliases: blockcluster
    >
    > ### ** Examples
    >
    >
    > ## Simple example with simulated binary data
    > ## load data
    > data(binarydata)
    > ## usage of coclusterBinary function in its most simplest form
    > out<-coclusterBinary(binarydata,nbcocluster=c(2,3))
Flavor: r-patched-solaris-x86

Version: 4.3.2
Check: re-building of vignette outputs
Result: WARN
    Error in re-building vignettes:
     ...
    Loading required package: rtkore
    Loading required package: Rcpp
    
    Attaching package: ‘rtkore’
    
    The following object is masked from ‘package:Rcpp’:
    
     LdFlags
    
    blockcluster version 4.3.2 loaded
    
    ----------------
    Copyright (C) <MODAL team @INRIA,Lille & U.M.R. C.N.R.S. 6599 Heudiasyc, UTC>
    Please post questions and bugs at: <https://gforge.inria.fr/forum/forum.php?forum_id=11190&group_id=3679>
Flavor: r-patched-solaris-x86