CRAN Package Check Results for Package blocklength

Last updated on 2021-06-18 05:48:39 CEST.

Flavor Version Tinstall Tcheck Ttotal Status Flags
r-devel-linux-x86_64-debian-clang 0.1.4 2.59 171.68 174.27 OK
r-devel-linux-x86_64-debian-gcc 0.1.4 1.91 116.78 118.69 OK
r-devel-linux-x86_64-fedora-clang 0.1.4 217.17 NOTE
r-devel-linux-x86_64-fedora-gcc 0.1.4 195.50 OK
r-devel-windows-x86_64 0.1.4 5.00 143.00 148.00 OK
r-devel-windows-x86_64-gcc10-UCRT 0.1.4 OK
r-patched-linux-x86_64 0.1.4 2.57 164.60 167.17 OK
r-patched-solaris-x86 0.1.4 257.40 OK
r-release-linux-x86_64 0.1.4 2.40 162.70 165.10 OK
r-release-macos-arm64 0.1.4 OK
r-release-macos-x86_64 0.1.4 OK
r-release-windows-ix86+x86_64 0.1.4 6.00 203.00 209.00 OK
r-oldrel-macos-x86_64 0.1.4 OK
r-oldrel-windows-ix86+x86_64 0.1.4 5.00 207.00 212.00 OK

Check Details

Version: 0.1.4
Check: Rd cross-references
Result: NOTE
    Undeclared package ‘np’ in Rd xrefs
Flavor: r-devel-linux-x86_64-fedora-clang