Last updated on 2024-08-31 23:48:59 CEST.
Flavor | Version | Tinstall | Tcheck | Ttotal | Status | Flags |
---|---|---|---|---|---|---|
r-devel-linux-x86_64-debian-clang | 1.1.5 | 69.67 | 50.29 | 119.96 | OK | |
r-devel-linux-x86_64-debian-gcc | 1.1.5 | 47.62 | 37.26 | 84.88 | OK | |
r-devel-linux-x86_64-fedora-clang | 1.1.5 | 200.93 | OK | |||
r-devel-linux-x86_64-fedora-gcc | 1.1.5 | 220.25 | OK | |||
r-devel-windows-x86_64 | 1.1.5 | 67.00 | 85.00 | 152.00 | OK | |
r-patched-linux-x86_64 | 1.1.5 | 68.43 | 46.99 | 115.42 | OK | |
r-release-linux-x86_64 | 1.1.5 | 65.58 | 47.35 | 112.93 | OK | |
r-release-macos-arm64 | 1.1.5 | 57.00 | NOTE | |||
r-release-macos-x86_64 | 1.1.5 | 84.00 | NOTE | |||
r-release-windows-x86_64 | 1.1.5 | 67.00 | 87.00 | 154.00 | OK | |
r-oldrel-macos-arm64 | 1.1.5 | 65.00 | NOTE | |||
r-oldrel-macos-x86_64 | 1.1.5 | 110.00 | NOTE | |||
r-oldrel-windows-x86_64 | 1.1.5 | 79.00 | 104.00 | 183.00 | OK |
Version: 1.1.5
Check: installed package size
Result: NOTE
installed size is 13.5Mb
sub-directories of 1Mb or more:
libs 13.0Mb
Flavors: r-release-macos-arm64, r-release-macos-x86_64, r-oldrel-macos-arm64, r-oldrel-macos-x86_64