CRAN Package Check Results for Package blscrapeR

Last updated on 2020-12-02 18:18:21 CET.

Flavor Version Tinstall Tcheck Ttotal Status Flags
r-devel-linux-x86_64-debian-clang 3.2.0 8.37 67.61 75.98 OK
r-devel-linux-x86_64-debian-gcc 3.2.0 7.94 54.65 62.59 OK
r-devel-linux-x86_64-fedora-clang 3.2.0 97.89 OK
r-devel-linux-x86_64-fedora-gcc 3.2.0 89.19 OK
r-devel-windows-ix86+x86_64 3.2.0 16.00 83.00 99.00 ERROR
r-patched-linux-x86_64 3.2.0 8.27 66.48 74.75 OK
r-patched-solaris-x86 3.2.0 136.90 OK
r-release-linux-x86_64 3.2.0 8.99 66.32 75.31 OK
r-release-macos-x86_64 3.2.0 OK
r-release-windows-ix86+x86_64 3.2.0 13.00 68.00 81.00 ERROR
r-oldrel-macos-x86_64 3.2.0 OK
r-oldrel-windows-ix86+x86_64 3.2.0 13.00 84.00 97.00 ERROR

Check Details

Version: 3.2.0
Check: examples
Result: ERROR
    Running examples in 'blscrapeR-Ex.R' failed
    The error most likely occurred in:
    
    > ### Name: inflation_adjust
    > ### Title: Convert the Value of a US Dollar to a Given Year
    > ### Aliases: inflation_adjust
    > ### Keywords: api bls cpi economics inflation unemployment
    >
    > ### ** Examples
    >
    >
    > ## Get historical USD values based on a 2010 dollar.
    > values <- inflation_adjust(base_year = 2015)
    trying URL 'https://download.bls.gov/pub/time.series/cu/cu.data.1.AllItems'
    Warning in download.file("https://download.bls.gov/pub/time.series/cu/cu.data.1.AllItems", :
     InternetOpenUrl failed: 'Die Serververbindung konnte nicht hergestellt werden.'
    Error in download.file("https://download.bls.gov/pub/time.series/cu/cu.data.1.AllItems", :
     cannot open URL 'https://download.bls.gov/pub/time.series/cu/cu.data.1.AllItems'
    Calls: inflation_adjust -> download.file
    Execution halted
Flavors: r-devel-windows-ix86+x86_64, r-release-windows-ix86+x86_64, r-oldrel-windows-ix86+x86_64