Last updated on 2024-08-31 23:48:59 CEST.
Flavor | Version | Tinstall | Tcheck | Ttotal | Status | Flags |
---|---|---|---|---|---|---|
r-devel-linux-x86_64-debian-clang | 0.1.2 | 31.27 | 25.21 | 56.48 | NOTE | |
r-devel-linux-x86_64-debian-gcc | 0.1.2 | 23.59 | 19.73 | 43.32 | NOTE | |
r-devel-linux-x86_64-fedora-clang | 0.1.2 | 107.86 | NOTE | |||
r-devel-linux-x86_64-fedora-gcc | 0.1.2 | 110.08 | NOTE | |||
r-devel-windows-x86_64 | 0.1.2 | 34.00 | 65.00 | 99.00 | NOTE | |
r-patched-linux-x86_64 | 0.1.2 | 32.00 | 24.32 | 56.32 | NOTE | |
r-release-linux-x86_64 | 0.1.2 | 30.52 | 24.28 | 54.80 | NOTE | |
r-release-macos-arm64 | 0.1.2 | 30.00 | NOTE | |||
r-release-macos-x86_64 | 0.1.2 | 36.00 | NOTE | |||
r-release-windows-x86_64 | 0.1.2 | 34.00 | 68.00 | 102.00 | NOTE | |
r-oldrel-macos-arm64 | 0.1.2 | 32.00 | NOTE | |||
r-oldrel-macos-x86_64 | 0.1.2 | 54.00 | NOTE | |||
r-oldrel-windows-x86_64 | 0.1.2 | 42.00 | 78.00 | 120.00 | NOTE |
Version: 0.1.2
Check: C++ specification
Result: NOTE
Specified C++11: please drop specification unless essential
Flavors: r-devel-linux-x86_64-debian-clang, r-devel-linux-x86_64-debian-gcc, r-devel-linux-x86_64-fedora-clang, r-devel-linux-x86_64-fedora-gcc, r-devel-windows-x86_64, r-patched-linux-x86_64, r-release-linux-x86_64, r-release-macos-arm64, r-release-macos-x86_64, r-release-windows-x86_64, r-oldrel-macos-arm64, r-oldrel-macos-x86_64, r-oldrel-windows-x86_64