Last updated on 2024-04-26 17:53:46 CEST.
Flavor | Version | Tinstall | Tcheck | Ttotal | Status | Flags |
---|---|---|---|---|---|---|
r-devel-linux-x86_64-debian-clang | 1.3.15 | 337.40 | 156.38 | 493.78 | OK | |
r-devel-linux-x86_64-debian-gcc | 1.3.15 | 289.21 | 132.70 | 421.91 | OK | |
r-devel-linux-x86_64-fedora-clang | 1.3.15 | 600.50 | NOTE | |||
r-devel-linux-x86_64-fedora-gcc | 1.3.15 | 768.52 | NOTE | |||
r-devel-windows-x86_64 | 1.3.15 | 267.00 | 154.00 | 421.00 | OK | |
r-patched-linux-x86_64 | 1.3.15 | 0.02 | 2.36 | 2.38 | ERROR | |
r-release-linux-x86_64 | 1.3.15 | 288.91 | 172.72 | 461.63 | OK | |
r-release-macos-arm64 | 1.3.15 | 164.00 | NOTE | |||
r-release-windows-x86_64 | 1.3.15 | 262.00 | 146.00 | 408.00 | OK | |
r-oldrel-macos-arm64 | 1.3.15 | 182.00 | NOTE | |||
r-oldrel-macos-x86_64 | 1.3.15 | 259.00 | NOTE | |||
r-oldrel-windows-x86_64 | 1.3.15 | 351.00 | 199.00 | 550.00 | OK |
Version: 1.3.15
Check: dependencies in R code
Result: NOTE
Namespaces in Imports field not imported from:
‘RcppParallel’ ‘rstantools’
All declared Imports should be used.
Flavors: r-devel-linux-x86_64-fedora-clang, r-devel-linux-x86_64-fedora-gcc
Version: 1.3.15
Check: for GNU extensions in Makefiles
Result: NOTE
GNU make is a SystemRequirements.
Flavors: r-devel-linux-x86_64-fedora-clang, r-devel-linux-x86_64-fedora-gcc, r-release-macos-arm64, r-oldrel-macos-arm64, r-oldrel-macos-x86_64
Version: 1.3.15
Check: whether package can be installed
Result: ERROR
Installation failed.
Flavor: r-patched-linux-x86_64
Version: 1.3.15
Check: installed package size
Result: NOTE
installed size is 64.9Mb
sub-directories of 1Mb or more:
libs 64.6Mb
Flavors: r-release-macos-arm64, r-oldrel-macos-arm64, r-oldrel-macos-x86_64