Last updated on 2024-08-16 11:49:36 CEST.
Flavor | Version | Tinstall | Tcheck | Ttotal | Status | Flags |
---|---|---|---|---|---|---|
r-devel-linux-x86_64-debian-clang | 1.1.1 | 8.62 | 58.79 | 67.41 | OK | |
r-devel-linux-x86_64-debian-gcc | 1.1.1 | 6.14 | 42.37 | 48.51 | OK | |
r-devel-linux-x86_64-fedora-clang | 1.1.1 | 109.04 | NOTE | |||
r-devel-linux-x86_64-fedora-gcc | 1.1.1 | 104.50 | NOTE | |||
r-devel-windows-x86_64 | 1.1.1 | 9.00 | 74.00 | 83.00 | OK | |
r-patched-linux-x86_64 | 1.1.1 | 8.62 | 56.10 | 64.72 | OK | |
r-release-linux-x86_64 | 1.1.1 | 7.57 | 55.89 | 63.46 | OK | |
r-release-macos-arm64 | 1.1.1 | 32.00 | OK | |||
r-release-macos-x86_64 | 1.1.1 | 71.00 | OK | |||
r-release-windows-x86_64 | 1.1.1 | 10.00 | 73.00 | 83.00 | OK | |
r-oldrel-macos-arm64 | 1.1.1 | 37.00 | OK | |||
r-oldrel-macos-x86_64 | 1.1.1 | 65.00 | OK | |||
r-oldrel-windows-x86_64 | 1.1.1 | 12.00 | 85.00 | 97.00 | OK |
Version: 1.1.1
Check: data for non-ASCII characters
Result: NOTE
Note: found 21550 marked UTF-8 strings
Flavors: r-devel-linux-x86_64-fedora-clang, r-devel-linux-x86_64-fedora-gcc