Last updated on 2024-08-16 11:49:36 CEST.
Flavor | Version | Tinstall | Tcheck | Ttotal | Status | Flags |
---|---|---|---|---|---|---|
r-devel-linux-x86_64-debian-clang | 1.3.0 | 4.59 | 55.80 | 60.39 | OK | |
r-devel-linux-x86_64-debian-gcc | 1.3.0 | 3.14 | 39.65 | 42.79 | OK | |
r-devel-linux-x86_64-fedora-clang | 1.3.0 | 100.22 | OK | |||
r-devel-linux-x86_64-fedora-gcc | 1.3.0 | 91.39 | OK | |||
r-devel-windows-x86_64 | 1.3.0 | 5.00 | 78.00 | 83.00 | OK | |
r-patched-linux-x86_64 | 1.3.0 | 5.12 | 53.00 | 58.12 | OK | |
r-release-linux-x86_64 | 1.3.0 | 4.80 | 52.63 | 57.43 | OK | |
r-release-macos-arm64 | 1.3.0 | 30.00 | NOTE | |||
r-release-macos-x86_64 | 1.3.0 | 48.00 | OK | |||
r-release-windows-x86_64 | 1.3.0 | 6.00 | 72.00 | 78.00 | OK | |
r-oldrel-macos-arm64 | 1.3.0 | 29.00 | NOTE | |||
r-oldrel-macos-x86_64 | 1.3.0 | 58.00 | NOTE | |||
r-oldrel-windows-x86_64 | 1.3.0 | 7.00 | 85.00 | 92.00 | OK |
Version: 1.3.0
Check: package dependencies
Result: NOTE
Package suggested but not available for checking: ‘sangerseqR’
Flavors: r-release-macos-arm64, r-oldrel-macos-arm64, r-oldrel-macos-x86_64