CRAN Package Check Results for Package bold

Last updated on 2021-06-19 17:50:08 CEST.

Flavor Version Tinstall Tcheck Ttotal Status Flags
r-devel-linux-x86_64-debian-clang 1.2.0 4.87 67.14 72.01 OK
r-devel-linux-x86_64-debian-gcc 1.2.0 3.65 54.47 58.12 OK
r-devel-linux-x86_64-fedora-clang 1.2.0 99.89 OK
r-devel-linux-x86_64-fedora-gcc 1.2.0 88.92 OK
r-devel-windows-x86_64 1.2.0 7.00 91.00 98.00 OK
r-devel-windows-x86_64-gcc10-UCRT 1.2.0 NOTE
r-patched-linux-x86_64 1.2.0 5.16 68.10 73.26 OK
r-patched-solaris-x86 1.2.0 130.80 OK
r-release-linux-x86_64 1.2.0 3.70 68.67 72.37 OK
r-release-macos-arm64 1.2.0 NOTE
r-release-macos-x86_64 1.2.0 NOTE
r-release-windows-ix86+x86_64 1.2.0 9.00 92.00 101.00 OK
r-oldrel-macos-x86_64 1.2.0 NOTE
r-oldrel-windows-ix86+x86_64 1.2.0 7.00 93.00 100.00 OK

Check Details

Version: 1.2.0
Check: package dependencies
Result: NOTE
    Package suggested but not available for checking: 'sangerseqR'
Flavors: r-devel-windows-x86_64-gcc10-UCRT, r-release-macos-arm64, r-release-macos-x86_64, r-oldrel-macos-x86_64