Last updated on 2024-08-16 11:49:36 CEST.
Flavor | Version | Tinstall | Tcheck | Ttotal | Status | Flags |
---|---|---|---|---|---|---|
r-devel-linux-x86_64-debian-clang | 1.1.5 | 6.88 | 66.34 | 73.22 | OK | |
r-devel-linux-x86_64-debian-gcc | 1.1.5 | 5.10 | 49.97 | 55.07 | OK | |
r-devel-linux-x86_64-fedora-clang | 1.1.5 | 118.22 | NOTE | |||
r-devel-linux-x86_64-fedora-gcc | 1.1.5 | 124.64 | NOTE | |||
r-devel-windows-x86_64 | 1.1.5 | 9.00 | 80.00 | 89.00 | OK | |
r-patched-linux-x86_64 | 1.1.5 | 6.29 | 63.40 | 69.69 | OK | |
r-release-linux-x86_64 | 1.1.5 | 6.58 | 64.94 | 71.52 | OK | |
r-release-macos-arm64 | 1.1.5 | 41.00 | OK | |||
r-release-macos-x86_64 | 1.1.5 | 65.00 | OK | |||
r-release-windows-x86_64 | 1.1.5 | 9.00 | 79.00 | 88.00 | OK | |
r-oldrel-macos-arm64 | 1.1.5 | 45.00 | OK | |||
r-oldrel-macos-x86_64 | 1.1.5 | 73.00 | OK | |||
r-oldrel-windows-x86_64 | 1.1.5 | 10.00 | 95.00 | 105.00 | OK |
Version: 1.1.5
Check: dependencies in R code
Result: NOTE
Namespaces in Imports field not imported from:
‘HSAUR3’ ‘knitr’ ‘rmarkdown’
All declared Imports should be used.
Flavors: r-devel-linux-x86_64-fedora-clang, r-devel-linux-x86_64-fedora-gcc