Last updated on 2024-03-29 11:53:48 CET.
Flavor | Version | Tinstall | Tcheck | Ttotal | Status | Flags |
---|---|---|---|---|---|---|
r-devel-linux-x86_64-debian-clang | 1.0.3 | 51.66 | 111.44 | 163.10 | NOTE | |
r-devel-linux-x86_64-debian-gcc | 1.0.3 | 46.79 | 78.77 | 125.56 | NOTE | |
r-devel-linux-x86_64-fedora-clang | 1.0.3 | 215.60 | NOTE | |||
r-devel-linux-x86_64-fedora-gcc | 1.0.3 | 236.37 | NOTE | |||
r-devel-windows-x86_64 | 1.0.3 | 46.00 | 146.00 | 192.00 | NOTE | |
r-patched-linux-x86_64 | 1.0.3 | 58.92 | 106.39 | 165.31 | NOTE | |
r-release-linux-x86_64 | 1.0.3 | 55.33 | 104.45 | 159.78 | NOTE | |
r-release-macos-arm64 | 1.0.3 | 67.00 | NOTE | |||
r-release-macos-x86_64 | 1.0.3 | 162.00 | NOTE | |||
r-release-windows-x86_64 | 1.0.3 | 55.00 | 172.00 | 227.00 | NOTE | |
r-oldrel-macos-arm64 | 1.0.3 | 78.00 | NOTE | |||
r-oldrel-windows-x86_64 | 1.0.3 | 53.00 | 170.00 | 223.00 | NOTE |
Version: 1.0.3
Check: for GNU extensions in Makefiles
Result: NOTE
GNU make is a SystemRequirements.
Flavors: r-devel-linux-x86_64-debian-clang, r-devel-linux-x86_64-debian-gcc, r-devel-linux-x86_64-fedora-clang, r-devel-linux-x86_64-fedora-gcc, r-devel-windows-x86_64, r-patched-linux-x86_64, r-release-linux-x86_64, r-release-macos-arm64, r-release-macos-x86_64, r-release-windows-x86_64, r-oldrel-macos-arm64, r-oldrel-windows-x86_64
Version: 1.0.3
Check: installed package size
Result: NOTE
installed size is 5.1Mb
sub-directories of 1Mb or more:
libs 4.7Mb
Flavors: r-release-macos-arm64, r-release-macos-x86_64, r-oldrel-macos-arm64