CRAN Package Check Results for Package bootnet

Last updated on 2021-05-06 23:49:25 CEST.

Flavor Version Tinstall Tcheck Ttotal Status Flags
r-devel-linux-x86_64-debian-clang 1.4.3 19.08 152.90 171.98 OK
r-devel-linux-x86_64-debian-gcc 1.4.3 17.86 114.04 131.90 OK
r-devel-linux-x86_64-fedora-clang 1.4.3 221.70 NOTE
r-devel-linux-x86_64-fedora-gcc 1.4.3 209.28 NOTE
r-devel-windows-ix86+x86_64 1.4.3 52.00 179.00 231.00 OK
r-devel-windows-x86_64-gcc10-UCRT 1.4.3 NOTE
r-patched-linux-x86_64 1.4.3 14.62 147.16 161.78 OK
r-patched-solaris-x86 1.4.3 310.10 NOTE
r-release-linux-x86_64 1.4.3 17.49 140.79 158.28 OK
r-release-macos-x86_64 1.4.3 NOTE
r-release-windows-ix86+x86_64 1.4.3 38.00 139.00 177.00 OK
r-oldrel-macos-x86_64 1.4.3 NOTE
r-oldrel-windows-ix86+x86_64 1.4.3 39.00 165.00 204.00 OK

Check Details

Version: 1.4.3
Check: package dependencies
Result: NOTE
    Imports includes 22 non-default packages.
    Importing from so many packages makes the package vulnerable to any of
    them becoming unavailable. Move as many as possible to Suggests and
    use conditionally.
Flavor: r-devel-linux-x86_64-fedora-clang

Version: 1.4.3
Check: dependencies in R code
Result: NOTE
    Namespace in Imports field not imported from: ‘psychTools’
     All declared Imports should be used.
Flavors: r-devel-linux-x86_64-fedora-clang, r-devel-linux-x86_64-fedora-gcc, r-devel-windows-x86_64-gcc10-UCRT, r-patched-solaris-x86, r-release-macos-x86_64, r-oldrel-macos-x86_64

Version: 1.4.3
Check: Rd cross-references
Result: NOTE
    Undeclared package ‘psych’ in Rd xrefs
Flavor: r-devel-linux-x86_64-fedora-clang