CRAN Package Check Results for Package bootsPLS

Last updated on 2021-10-28 11:51:21 CEST.

Flavor Version Tinstall Tcheck Ttotal Status Flags
r-devel-linux-x86_64-debian-clang 1.1.2 13.11 103.43 116.54 OK
r-devel-linux-x86_64-debian-gcc 1.1.2 11.34 78.16 89.50 OK
r-devel-linux-x86_64-fedora-clang 1.1.2 147.39 OK
r-devel-linux-x86_64-fedora-gcc 1.1.2 136.68 OK
r-devel-windows-x86_64 1.1.2 21.00 129.00 150.00 OK
r-devel-windows-x86_64-gcc10-UCRT 1.1.2 OK
r-patched-linux-x86_64 1.1.2 12.01 97.76 109.77 OK
r-patched-solaris-x86 1.1.2 203.00 OK
r-release-linux-x86_64 1.1.2 10.28 96.69 106.97 OK
r-release-macos-arm64 1.1.2 OK
r-release-macos-x86_64 1.1.2 OK
r-release-windows-ix86+x86_64 1.1.2 3.00 7.00 10.00 ERROR
r-oldrel-macos-x86_64 1.1.2 OK
r-oldrel-windows-ix86+x86_64 1.1.2 22.00 96.00 118.00 OK

Check Details

Version: 1.1.2
Check: whether package can be installed
Result: ERROR
    Installation failed.
Flavor: r-release-windows-ix86+x86_64