CRAN Package Check Results for Package boundingbox

Last updated on 2022-01-26 23:50:12 CET.

Flavor Version Tinstall Tcheck Ttotal Status Flags
r-devel-linux-x86_64-debian-clang 1.0.1 2.70 37.20 39.90 NOTE
r-devel-linux-x86_64-debian-gcc 1.0.1 1.57 29.80 31.37 NOTE
r-devel-linux-x86_64-fedora-clang 1.0.1 48.84 NOTE
r-devel-linux-x86_64-fedora-gcc 1.0.1 38.67 NOTE
r-devel-windows-x86_64-new-UL 1.0.1 49.00 57.00 106.00 NOTE
r-devel-windows-x86_64-new-TK 1.0.1 NOTE
r-patched-linux-x86_64 1.0.1 1.72 35.31 37.03 NOTE
r-release-linux-x86_64 1.0.1 2.34 35.77 38.11 NOTE
r-release-macos-arm64 1.0.1 NOTE
r-release-macos-x86_64 1.0.1 NOTE
r-release-windows-ix86+x86_64 1.0.1 6.00 47.00 53.00 NOTE
r-oldrel-macos-x86_64 1.0.1 OK
r-oldrel-windows-ix86+x86_64 1.0.1 6.00 48.00 54.00 OK

Check Details

Version: 1.0.1
Check: LazyData
Result: NOTE
     'LazyData' is specified without a 'data' directory
Flavors: r-devel-linux-x86_64-debian-clang, r-devel-linux-x86_64-debian-gcc, r-devel-linux-x86_64-fedora-clang, r-devel-linux-x86_64-fedora-gcc, r-devel-windows-x86_64-new-UL, r-devel-windows-x86_64-new-TK, r-patched-linux-x86_64, r-release-linux-x86_64, r-release-macos-arm64, r-release-macos-x86_64, r-release-windows-ix86+x86_64