CRAN Package Check Results for Package boxcoxmix

Last updated on 2021-06-18 05:48:40 CEST.

Flavor Version Tinstall Tcheck Ttotal Status Flags
r-devel-linux-x86_64-debian-clang 0.28 7.55 108.45 116.00 NOTE
r-devel-linux-x86_64-debian-gcc 0.28 5.05 77.07 82.12 NOTE
r-devel-linux-x86_64-fedora-clang 0.28 144.01 NOTE
r-devel-linux-x86_64-fedora-gcc 0.28 132.30 NOTE
r-devel-windows-x86_64 0.28 12.00 132.00 144.00 NOTE
r-devel-windows-x86_64-gcc10-UCRT 0.28 NOTE
r-patched-linux-x86_64 0.28 15.38 101.06 116.44 NOTE
r-patched-solaris-x86 0.28 167.50 NOTE
r-release-linux-x86_64 0.28 7.00 100.19 107.19 NOTE
r-release-macos-arm64 0.28 NOTE
r-release-macos-x86_64 0.28 NOTE
r-release-windows-ix86+x86_64 0.28 16.00 135.00 151.00 NOTE
r-oldrel-macos-x86_64 0.28 OK
r-oldrel-windows-ix86+x86_64 0.28 11.00 134.00 145.00 OK

Check Details

Version: 0.28
Check: LazyData
Result: NOTE
     'LazyData' is specified without a 'data' directory
Flavors: r-devel-linux-x86_64-debian-clang, r-devel-linux-x86_64-debian-gcc, r-devel-linux-x86_64-fedora-clang, r-devel-linux-x86_64-fedora-gcc, r-devel-windows-x86_64, r-devel-windows-x86_64-gcc10-UCRT, r-patched-linux-x86_64, r-patched-solaris-x86, r-release-linux-x86_64, r-release-macos-arm64, r-release-macos-x86_64, r-release-windows-ix86+x86_64