CRAN Package Check Results for Package bqror

Last updated on 2024-06-13 18:49:43 CEST.

Flavor Version Tinstall Tcheck Ttotal Status Flags
r-devel-linux-x86_64-debian-clang 1.7.0 9.17 182.16 191.33 OK
r-devel-linux-x86_64-debian-gcc 1.7.0 0.32 1.73 2.05 ERROR
r-devel-linux-x86_64-fedora-clang 1.7.0 228.99 OK
r-devel-linux-x86_64-fedora-gcc 1.7.0 205.62 OK
r-devel-windows-x86_64 1.7.0 10.00 125.00 135.00 OK
r-patched-linux-x86_64 1.7.0 10.13 163.88 174.01 OK
r-release-linux-x86_64 1.7.0 9.39 167.19 176.58 OK
r-release-macos-arm64 1.7.0 48.00 OK
r-release-macos-x86_64 1.7.0 76.00 OK
r-release-windows-x86_64 1.7.0 10.00 126.00 136.00 OK
r-oldrel-macos-arm64 1.7.0 54.00 OK
r-oldrel-macos-x86_64 1.7.0 61.00 OK
r-oldrel-windows-x86_64 1.7.0 12.00 151.00 163.00 OK

Check Details

Version: 1.7.0
Check: package dependencies
Result: ERROR Packages required but not available: 'NPflow', 'progress' Package suggested but not available for checking: ‘testthat’ See section ‘The DESCRIPTION file’ in the ‘Writing R Extensions’ manual. Flavor: r-devel-linux-x86_64-debian-gcc