CRAN Package Check Results for Package bqror

Last updated on 2023-09-25 12:01:34 CEST.

Flavor Version Tinstall Tcheck Ttotal Status Flags
r-devel-linux-x86_64-debian-clang 1.6.1 9.82 175.88 185.70 OK
r-devel-linux-x86_64-debian-gcc 1.6.1 7.69 118.56 126.25 OK
r-devel-linux-x86_64-fedora-clang 1.6.1 219.92 NOTE
r-devel-linux-x86_64-fedora-gcc 1.6.1 220.23 NOTE
r-devel-windows-x86_64 1.6.1 10.00 134.00 144.00 OK
r-patched-linux-x86_64 1.6.1 10.09 172.63 182.72 OK
r-release-linux-x86_64 1.6.1 10.45 171.68 182.13 OK
r-release-macos-arm64 1.6.1 54.00 OK
r-release-macos-x86_64 1.6.1 137.00 OK
r-release-windows-x86_64 1.6.1 13.00 156.00 169.00 OK
r-oldrel-macos-arm64 1.6.1 55.00 OK
r-oldrel-macos-x86_64 1.6.1 71.00 OK
r-oldrel-windows-x86_64 1.6.1 14.00 149.00 163.00 OK

Check Details

Version: 1.6.1
Check: dependencies in R code
Result: NOTE
    Namespace in Imports field not imported from: ‘graphics’
     All declared Imports should be used.
Flavors: r-devel-linux-x86_64-fedora-clang, r-devel-linux-x86_64-fedora-gcc