CRAN Package Check Results for Package breathtestcore

Last updated on 2020-10-26 11:51:01 CET.

Flavor Version Tinstall Tcheck Ttotal Status Flags
r-devel-linux-x86_64-debian-clang 0.8.0 13.75 164.06 177.81 OK
r-devel-linux-x86_64-debian-gcc 0.8.0 11.15 121.71 132.86 NOTE
r-devel-linux-x86_64-fedora-clang 0.8.0 236.17 NOTE
r-devel-linux-x86_64-fedora-gcc 0.8.0 206.72 NOTE
r-devel-windows-ix86+x86_64 0.8.0 28.00 199.00 227.00 OK
r-patched-linux-x86_64 0.8.0 12.06 149.96 162.02 OK
r-patched-solaris-x86 0.8.0 286.90 OK
r-release-linux-x86_64 0.8.0 12.07 150.32 162.39 NOTE
r-release-macos-x86_64 0.8.0 NOTE
r-release-windows-ix86+x86_64 0.8.0 22.00 143.00 165.00 OK
r-oldrel-macos-x86_64 0.8.0 ERROR

Check Details

Version: 0.8.0
Check: package dependencies
Result: NOTE
    Package suggested but not available for checking: ‘breathteststan’
Flavors: r-devel-linux-x86_64-debian-gcc, r-devel-linux-x86_64-fedora-clang, r-devel-linux-x86_64-fedora-gcc, r-release-linux-x86_64, r-release-macos-x86_64

Version: 0.8.0
Check: Rd cross-references
Result: NOTE
    Package unavailable to check Rd xrefs: ‘breathteststan’
Flavor: r-release-macos-x86_64

Version: 0.8.0
Check: whether package can be installed
Result: ERROR
    Installation failed.
Flavor: r-oldrel-macos-x86_64