CRAN Package Check Results for Package brglm

Last updated on 2020-10-28 11:49:41 CET.

Flavor Version Tinstall Tcheck Ttotal Status Flags
r-devel-linux-x86_64-debian-clang 0.7.1 3.53 25.94 29.47 OK
r-devel-linux-x86_64-debian-gcc 0.7.1 2.25 20.50 22.75 OK
r-devel-linux-x86_64-fedora-clang 0.7.1 44.97 OK
r-devel-linux-x86_64-fedora-gcc 0.7.1 35.36 OK
r-devel-windows-ix86+x86_64 0.7.1 1.00 7.00 8.00 ERROR
r-patched-linux-x86_64 0.7.1 OK
r-patched-solaris-x86 0.7.1 53.00 OK
r-release-linux-x86_64 0.7.1 3.57 25.11 28.68 OK
r-release-macos-x86_64 0.7.1 OK
r-release-windows-ix86+x86_64 0.7.1 8.00 38.00 46.00 OK
r-oldrel-macos-x86_64 0.7.1 OK
r-oldrel-windows-ix86+x86_64 0.7.1 25.00 49.00 74.00 OK

Check Details

Version: 0.7.1
Check: whether package can be installed
Result: ERROR
    Installation failed.
Flavor: r-devel-windows-ix86+x86_64