CRAN Package Check Results for Package bridgesampling

Last updated on 2021-08-01 23:49:15 CEST.

Flavor Version Tinstall Tcheck Ttotal Status Flags
r-devel-linux-x86_64-debian-clang 1.1-2 11.66 246.01 257.67 OK
r-devel-linux-x86_64-debian-gcc 1.1-2 8.15 177.53 185.68 OK
r-devel-linux-x86_64-fedora-clang 1.1-2 300.30 OK
r-devel-linux-x86_64-fedora-gcc 1.1-2 298.81 OK
r-devel-windows-x86_64 1.1-2 11.00 214.00 225.00 OK
r-devel-windows-x86_64-gcc10-UCRT 1.1-2 OK
r-patched-linux-x86_64 1.1-2 OK
r-patched-solaris-x86 1.1-2 295.10 OK
r-release-linux-x86_64 1.1-2 9.09 235.19 244.28 OK
r-release-macos-arm64 1.1-2 ERROR
r-release-macos-x86_64 1.1-2 OK
r-release-windows-ix86+x86_64 1.1-2 21.00 204.00 225.00 OK
r-oldrel-macos-x86_64 1.1-2 OK
r-oldrel-windows-ix86+x86_64 1.1-2 16.00 214.00 230.00 OK

Check Details

Version: 1.1-2
Check: package dependencies
Result: NOTE
    Packages suggested but not available for checking:
     'R2jags', 'rjags', 'runjags'
Flavor: r-release-macos-arm64

Version: 1.1-2
Check: tests
Result: ERROR
     Running ‘testthat.R’ [21s/27s]
    Running the tests in ‘tests/testthat.R’ failed.
    Complete output:
     > Sys.setenv("R_TESTS" = "")
     > library(testthat)
     >
     > test_check("bridgesampling")
     Loading required package: bridgesampling
     Median of 10 bridge sampling estimates
     of the log marginal likelihood: 4293.156
     Range of estimates: 4290.976 to 4294.028
     Interquartile range: 1.62594
     Method: normal
Flavor: r-release-macos-arm64