Last updated on 2024-04-23 23:55:54 CEST.
Flavor | Version | Tinstall | Tcheck | Ttotal | Status | Flags |
---|---|---|---|---|---|---|
r-devel-linux-x86_64-debian-clang | 1.1-2 | 12.67 | 360.26 | 372.93 | OK | |
r-devel-linux-x86_64-debian-gcc | 1.1-2 | 10.21 | 278.93 | 289.14 | OK | |
r-devel-linux-x86_64-fedora-clang | 1.1-2 | 423.13 | OK | |||
r-devel-linux-x86_64-fedora-gcc | 1.1-2 | 500.59 | OK | |||
r-prerel-macos-arm64 | 1.1-2 | 126.00 | OK | |||
r-prerel-windows-x86_64 | 1.1-2 | 11.00 | 162.00 | 173.00 | OK | |
r-patched-linux-x86_64 | 1.1-2 | 10.61 | 376.97 | 387.58 | OK | |
r-release-linux-x86_64 | 1.1-2 | 13.17 | 377.20 | 390.37 | OK | |
r-release-macos-arm64 | 1.1-2 | 106.00 | OK | |||
r-release-macos-x86_64 | 1.1-2 | 118.00 | NOTE | |||
r-release-windows-x86_64 | 1.1-2 | 15.00 | 203.00 | 218.00 | OK | |
r-oldrel-macos-arm64 | 1.1-2 | 77.00 | OK | |||
r-oldrel-windows-x86_64 | 1.1-2 | 14.00 | 206.00 | 220.00 | OK |
Version: 1.1-2
Check: package dependencies
Result: NOTE
Packages suggested but not available for checking:
'BayesFactor', 'rstan', 'rstanarm', 'MCMCpack'
Flavor: r-release-macos-x86_64