CRAN Package Check Results for Package brlrmr

Last updated on 2024-05-27 05:52:11 CEST.

Flavor Version Tinstall Tcheck Ttotal Status Flags
r-devel-linux-x86_64-debian-clang 0.1.7 3.21 29.54 32.75 OK
r-devel-linux-x86_64-debian-gcc 0.1.7 2.72 22.07 24.79 OK
r-devel-linux-x86_64-fedora-clang 0.1.7 45.44 NOTE
r-devel-linux-x86_64-fedora-gcc 0.1.7 38.46 NOTE
r-devel-windows-x86_64 0.1.7 4.00 44.00 48.00 OK
r-patched-linux-x86_64 0.1.7 3.60 27.45 31.05 OK
r-release-linux-x86_64 0.1.7 2.72 27.82 30.54 OK
r-release-macos-arm64 0.1.7 17.00 OK
r-release-windows-x86_64 0.1.7 4.00 45.00 49.00 OK
r-oldrel-macos-arm64 0.1.7 19.00 OK
r-oldrel-macos-x86_64 0.1.7 25.00 OK
r-oldrel-windows-x86_64 0.1.7 4.00 48.00 52.00 OK

Check Details

Version: 0.1.7
Check: dependencies in R code
Result: NOTE Namespaces in Imports field not imported from: ‘Rcpp’ ‘profileModel’ All declared Imports should be used. Flavors: r-devel-linux-x86_64-fedora-clang, r-devel-linux-x86_64-fedora-gcc