CRAN Package Check Results for Package brlrmr

Last updated on 2021-04-21 05:48:30 CEST.

Flavor Version Tinstall Tcheck Ttotal Status Flags
r-devel-linux-x86_64-debian-clang 0.1.7 2.85 27.14 29.99 OK
r-devel-linux-x86_64-debian-gcc 0.1.7 2.39 21.81 24.20 OK
r-devel-linux-x86_64-fedora-clang 0.1.7 46.22 NOTE
r-devel-linux-x86_64-fedora-gcc 0.1.7 37.12 NOTE
r-devel-windows-ix86+x86_64 0.1.7 7.00 33.00 40.00 OK
r-devel-windows-x86_64-gcc10-UCRT 0.1.7 NOTE
r-patched-linux-x86_64 0.1.7 3.08 26.74 29.82 OK
r-patched-solaris-x86 0.1.7 54.10 NOTE
r-release-linux-x86_64 0.1.7 3.14 26.72 29.86 OK
r-release-macos-x86_64 0.1.7 NOTE
r-release-windows-ix86+x86_64 0.1.7 6.00 47.00 53.00 OK
r-oldrel-macos-x86_64 0.1.7 NOTE
r-oldrel-windows-ix86+x86_64 0.1.7 4.00 40.00 44.00 OK

Check Details

Version: 0.1.7
Check: dependencies in R code
Result: NOTE
    Namespaces in Imports field not imported from:
     ‘Rcpp’ ‘profileModel’
     All declared Imports should be used.
Flavors: r-devel-linux-x86_64-fedora-clang, r-devel-linux-x86_64-fedora-gcc, r-devel-windows-x86_64-gcc10-UCRT, r-patched-solaris-x86, r-release-macos-x86_64, r-oldrel-macos-x86_64