Last updated on 2024-08-16 11:49:36 CEST.
Flavor | Version | Tinstall | Tcheck | Ttotal | Status | Flags |
---|---|---|---|---|---|---|
r-devel-linux-x86_64-debian-clang | 0.3.0 | 36.30 | 194.93 | 231.23 | OK | |
r-devel-linux-x86_64-debian-gcc | 0.3.0 | 28.64 | 117.45 | 146.09 | OK | |
r-devel-linux-x86_64-fedora-clang | 0.3.0 | 380.32 | OK | |||
r-devel-linux-x86_64-fedora-gcc | 0.3.0 | 368.42 | OK | |||
r-devel-windows-x86_64 | 0.3.0 | 40.00 | 171.00 | 211.00 | OK | |
r-patched-linux-x86_64 | 0.3.0 | 35.80 | 178.02 | 213.82 | OK | |
r-release-linux-x86_64 | 0.3.0 | 38.68 | 177.06 | 215.74 | OK | |
r-release-macos-arm64 | 0.3.0 | 118.00 | OK | |||
r-release-macos-x86_64 | 0.3.0 | 166.00 | OK | |||
r-release-windows-x86_64 | 0.3.0 | 40.00 | 167.00 | 207.00 | OK | |
r-oldrel-macos-arm64 | 0.3.0 | 138.00 | NOTE | |||
r-oldrel-macos-x86_64 | 0.3.0 | 203.00 | OK | |||
r-oldrel-windows-x86_64 | 0.3.0 | 49.00 | 215.00 | 264.00 | OK |
Version: 0.3.0
Check: installed package size
Result: NOTE
installed size is 5.1Mb
sub-directories of 1Mb or more:
data 4.9Mb
Flavor: r-oldrel-macos-arm64